{"id":2241,"date":"2019-03-12T18:21:36","date_gmt":"2019-03-12T17:21:36","guid":{"rendered":"https:\/\/www.sarlbml.fr\/sarlbml\/?post_type=product&#038;p=2241"},"modified":"2019-03-22T18:10:01","modified_gmt":"2019-03-22T17:10:01","slug":"stiga-autoclip-m7","status":"publish","type":"product","link":"https:\/\/www.sarlbml.fr\/sarlbml\/boutique\/stiga-autoclip-m7\/","title":{"rendered":"STIGA Autoclip M7"},"content":{"rendered":"<p>Le robot tondeuse\u00a0STIGA\u00a0Autoclip\u00a0M7 convient aux pelouses de 750\u00a0m\u00b2 maximum. Il peut fonctionner sur des cycles pouvant atteindre deux heures, en divisant la surface de coupe en trois\u00a0zones distinctes. Aliment\u00e9 par une batterie lithium-ion, le robot\u00a0STIGA\u00a0Autoclip\u00a0M7 est compact, silencieux et \u00e9cologique. De plus, il est simple \u00e0 configurer, programmer et utiliser\u00a0: toutes les fonctions peuvent \u00eatre contr\u00f4l\u00e9es \u00e0 partir de l\u2019affichage digital embarqu\u00e9 ou via Bluetooth \u00e0 l&rsquo;aide de l&rsquo;application Autoclip Remote pour smartphone ou tablette. En cas d&rsquo;utilisation pour une tonte quotidienne, la lame en acier de 25\u00a0cm garantit un gazon dense et sain. Le robot est \u00e9quip\u00e9 de capteurs de pluie, il utilise un code de s\u00e9curit\u00e9 et il est dot\u00e9 d&rsquo;un mode \u00e9co qui lui permet de d\u00e9tecter les zones d\u00e9j\u00e0 tondues.<\/p>\n<p>La lame en acier tranchante et puissante d&rsquo;un diam\u00e8tre de 25\u00a0cm assure une coupe nette pour une pelouse en parfait \u00e9tat. Elle n&rsquo;est form\u00e9e que d&rsquo;une seule pi\u00e8ce pour \u00e9viter que des petits morceaux de m\u00e9tal ne se cassent.<\/p>\n<p>Les commandes simplifi\u00e9es permettent de basculer entre les modes\u00a0: manuel ou automatique.<\/p>\n","protected":false},"excerpt":{"rendered":"<p>Robot tondeuse aliment\u00e9 par des batteries lithium-ion pour les pelouses d&rsquo;une surface allant jusqu&rsquo;\u00e0 750\u00a0m\u00b2. Facile \u00e0 configurer et \u00e0 utiliser.<\/p>\n<p><em>&#8211; Superficie de coupe jusqu&rsquo;\u00e0 750m\u00b2<\/em><\/p>\n<p><em>&#8211; Cycle de 2 heures sur trois zones<\/em><\/p>\n<p><em>&#8211; Programme de coupe configurable et personnalisable depuis l&rsquo;application<\/em><\/p>\n<p><em>&#8211; Lame en acier inoxydable de 25 cm<\/em><\/p>\n<p><em>&#8211; Fonctionne en pente jusqu&rsquo;\u00e0 45%<\/em><\/p>\n<p><em>&#8211; Guide de d\u00e9marrage rapide et kit de configuration fournis<\/em><\/p>\n<p>&nbsp;<\/p>\n<p><a href=\"https:\/\/www.ateliersterenn.com\/outillage\/outils-motorises\/tondeuses-et-autoportees\/robot-de-tonte-stiga-autoclip-m7\" target=\"_blank\" rel=\"noopener noreferrer\">Commander via Atelier Sterenn<\/a><\/p>\n<p> <a class=\"continue-reading-link\" href=\"https:\/\/www.sarlbml.fr\/sarlbml\/boutique\/stiga-autoclip-m7\/\"><span>Lire la suite<\/span><i class=\"crycon-right-dir\"><\/i><\/a> <\/p>\n","protected":false},"featured_media":2226,"comment_status":"closed","ping_status":"closed","template":"","meta":[],"product_brand":[],"product_cat":[51],"product_tag":[45,52,44],"class_list":{"0":"post-2241","1":"product","2":"type-product","3":"status-publish","4":"has-post-thumbnail","6":"product_cat-tondeuses-robots-stiga","7":"product_tag-autoportee","8":"product_tag-robot","9":"product_tag-tondeuse","11":"first","12":"instock","13":"taxable","14":"shipping-taxable","15":"product-type-simple"},"_links":{"self":[{"href":"https:\/\/www.sarlbml.fr\/sarlbml\/wp-json\/wp\/v2\/product\/2241","targetHints":{"allow":["GET"]}}],"collection":[{"href":"https:\/\/www.sarlbml.fr\/sarlbml\/wp-json\/wp\/v2\/product"}],"about":[{"href":"https:\/\/www.sarlbml.fr\/sarlbml\/wp-json\/wp\/v2\/types\/product"}],"replies":[{"embeddable":true,"href":"https:\/\/www.sarlbml.fr\/sarlbml\/wp-json\/wp\/v2\/comments?post=2241"}],"wp:featuredmedia":[{"embeddable":true,"href":"https:\/\/www.sarlbml.fr\/sarlbml\/wp-json\/wp\/v2\/media\/2226"}],"wp:attachment":[{"href":"https:\/\/www.sarlbml.fr\/sarlbml\/wp-json\/wp\/v2\/media?parent=2241"}],"wp:term":[{"taxonomy":"product_brand","embeddable":true,"href":"https:\/\/www.sarlbml.fr\/sarlbml\/wp-json\/wp\/v2\/product_brand?post=2241"},{"taxonomy":"product_cat","embeddable":true,"href":"https:\/\/www.sarlbml.fr\/sarlbml\/wp-json\/wp\/v2\/product_cat?post=2241"},{"taxonomy":"product_tag","embeddable":true,"href":"https:\/\/www.sarlbml.fr\/sarlbml\/wp-json\/wp\/v2\/product_tag?post=2241"}],"curies":[{"name":"wp","href":"https:\/\/api.w.org\/{rel}","templated":true}]}}