{"id":2187,"date":"2019-03-12T17:22:35","date_gmt":"2019-03-12T16:22:35","guid":{"rendered":"https:\/\/www.sarlbml.fr\/sarlbml\/?post_type=product&#038;p=2187"},"modified":"2019-03-22T17:39:09","modified_gmt":"2019-03-22T16:39:09","slug":"stiga-twinclip-50-s","status":"publish","type":"product","link":"https:\/\/www.sarlbml.fr\/sarlbml\/boutique\/stiga-twinclip-50-s\/","title":{"rendered":"STIGA Twinclip 50 S"},"content":{"rendered":"<p>La puissante tondeuse thermique STIGA\u00a0Twinclip\u00a050\u00a0S propose une largeur de coupe de 48\u00a0cm et le syst\u00e8me de ramassage Extra Collecting (XC). La technologie Extra\u00a0Collecting associe une lame innovante \u00e0 double tranchant \u00e0 un ch\u00e2ssis ergonomique hybride en acier et aluminium am\u00e9liorant les performances de ramassage tout en minimisant les efforts, y compris lors de t\u00e2ches particuli\u00e8rement exigeantes. La tondeuse Twinclip\u00a050\u00a0S efficace et fiable est \u00e9quip\u00e9e d&rsquo;un moteur STIGA de 166\u00a0cm\u00b3 d&rsquo;une puissance nette de 2,6\u00a0kW \u00e0 2\u00a0900\u00a0tr\/min. De plus, le syst\u00e8me \u00ab\u00a0One Motion\u00a0\u00bb combine un bac de ramassage de 70\u00a0litres \u00e0 insertion facile, une poign\u00e9e repliable et un s\u00e9lecteur centralis\u00e9 de hauteur de coupe pour assurer une efficacit\u00e9 et une maniabilit\u00e9 maximales. La hauteur de coupe peut \u00eatre r\u00e9gl\u00e9e sur sept positions allant de\u00a025 \u00e0\u00a077\u00a0mm.<\/p>\n","protected":false},"excerpt":{"rendered":"<p>Tondeuse \u00e0 gazon autotract\u00e9e \u00e9quip\u00e9e d&rsquo;un moteur thermique de 166\u00a0cm\u00b3 et d&rsquo;un bac de ramassage de 70\u00a0litres. Peut \u00e9galement \u00eatre utilis\u00e9e en mode \u00e9jection arri\u00e8re de l\u2019herbe ou mulching.<\/p>\n<p><em>&#8211; Moteur thermique Stiga de 166 cm\u00b3<\/em><\/p>\n<p><em>&#8211; Tract\u00e9e par une transmission pro alu<\/em><\/p>\n<p><em>&#8211; Largeur de coupe de 48 cm<\/em><\/p>\n<p><em>&#8211; Bac de ramassage de 70 litres muni d&rsquo;un indicateur de remplissage<\/em><\/p>\n<p><em>&#8211; Peut \u00e9galement \u00eatre utilis\u00e9e en mode \u00e9jection arri\u00e8re de l&rsquo;herbe ou mulching<\/em><\/p>\n<p>&nbsp;<\/p>\n<p><a href=\"https:\/\/www.ateliersterenn.com\/outillage\/outils-motorises\/tondeuses-et-autoportees\/tondeuse-thermique-stiga-twinclip-50s\" target=\"_blank\" rel=\"noopener noreferrer\">Commander via Atelier Sterenn<\/a><\/p>\n<p> <a class=\"continue-reading-link\" href=\"https:\/\/www.sarlbml.fr\/sarlbml\/boutique\/stiga-twinclip-50-s\/\"><span>Lire la suite<\/span><i class=\"crycon-right-dir\"><\/i><\/a> <\/p>\n","protected":false},"featured_media":2180,"comment_status":"closed","ping_status":"closed","template":"","meta":[],"product_brand":[],"product_cat":[50],"product_tag":[45,44],"class_list":{"0":"post-2187","1":"product","2":"type-product","3":"status-publish","4":"has-post-thumbnail","6":"product_cat-thermiques_stiga","7":"product_tag-autoportee","8":"product_tag-tondeuse","10":"first","11":"instock","12":"taxable","13":"shipping-taxable","14":"product-type-simple"},"_links":{"self":[{"href":"https:\/\/www.sarlbml.fr\/sarlbml\/wp-json\/wp\/v2\/product\/2187","targetHints":{"allow":["GET"]}}],"collection":[{"href":"https:\/\/www.sarlbml.fr\/sarlbml\/wp-json\/wp\/v2\/product"}],"about":[{"href":"https:\/\/www.sarlbml.fr\/sarlbml\/wp-json\/wp\/v2\/types\/product"}],"replies":[{"embeddable":true,"href":"https:\/\/www.sarlbml.fr\/sarlbml\/wp-json\/wp\/v2\/comments?post=2187"}],"wp:featuredmedia":[{"embeddable":true,"href":"https:\/\/www.sarlbml.fr\/sarlbml\/wp-json\/wp\/v2\/media\/2180"}],"wp:attachment":[{"href":"https:\/\/www.sarlbml.fr\/sarlbml\/wp-json\/wp\/v2\/media?parent=2187"}],"wp:term":[{"taxonomy":"product_brand","embeddable":true,"href":"https:\/\/www.sarlbml.fr\/sarlbml\/wp-json\/wp\/v2\/product_brand?post=2187"},{"taxonomy":"product_cat","embeddable":true,"href":"https:\/\/www.sarlbml.fr\/sarlbml\/wp-json\/wp\/v2\/product_cat?post=2187"},{"taxonomy":"product_tag","embeddable":true,"href":"https:\/\/www.sarlbml.fr\/sarlbml\/wp-json\/wp\/v2\/product_tag?post=2187"}],"curies":[{"name":"wp","href":"https:\/\/api.w.org\/{rel}","templated":true}]}}