{"id":2171,"date":"2019-03-12T17:09:03","date_gmt":"2019-03-12T16:09:03","guid":{"rendered":"https:\/\/www.sarlbml.fr\/sarlbml\/?post_type=product&#038;p=2171"},"modified":"2019-03-22T17:45:27","modified_gmt":"2019-03-22T16:45:27","slug":"stiga-multiclip-50-sx","status":"publish","type":"product","link":"https:\/\/www.sarlbml.fr\/sarlbml\/boutique\/stiga-multiclip-50-sx\/","title":{"rendered":"STIGA Multiclip 50 SX"},"content":{"rendered":"<p>La tondeuse \u00e0 gazon autotract\u00e9e STIGA\u00a0Multiclip\u00a050\u00a0SX est \u00e9quip\u00e9e d&rsquo;une lame de 48\u00a0cm et d&rsquo;un moteur STIGA de 166\u00a0cm\u00b3 d\u2019une puissance nette de 2,60\u00a0kW \u00e0 2\u00a0900\u00a0tr\/min. Le syst\u00e8me mulching assure une coupe pr\u00e9cise et permet de broyer l\u2019herbe coup\u00e9e et de la r\u00e9pandre sur le sol comme engrais naturel. Le ch\u00e2ssis en acier offre une largeur de coupe de 48\u00a0cm. Le guidon ergonomique sp\u00e9cial peut \u00eatre r\u00e9gl\u00e9 en hauteur et en position lat\u00e9rale, permettant ainsi de tondre la pelouse confortablement, jusqu&rsquo;aux recoins plus inaccessibles pr\u00e8s de murs et de buissons.<\/p>\n","protected":false},"excerpt":{"rendered":"<p>Tondeuse mulching \u00e9quip\u00e9e d&rsquo;un moteur thermique de 166\u00a0cm\u00b3 et de roues avant motrices.<\/p>\n<p><em>&#8211; Moteur thermique Stiga de 166 cm\u00b3<\/em><\/p>\n<p><em>&#8211; Tract\u00e9e<\/em><\/p>\n<p><em>&#8211; Largeur de coupe de 48 cm<\/em><\/p>\n<p><em>&#8211; Fonction mulching Stiga Multiclip<\/em><\/p>\n<p>&nbsp;<\/p>\n<p><a href=\"https:\/\/www.ateliersterenn.com\/outillage\/outils-motorises\/tondeuses-et-autoportees\/tondeuse-thermique-stiga-multiclip-50sx\" target=\"_blank\" rel=\"noopener noreferrer\">Commander via Atelier Sterenn<\/a><\/p>\n<p> <a class=\"continue-reading-link\" href=\"https:\/\/www.sarlbml.fr\/sarlbml\/boutique\/stiga-multiclip-50-sx\/\"><span>Lire la suite<\/span><i class=\"crycon-right-dir\"><\/i><\/a> <\/p>\n","protected":false},"featured_media":2164,"comment_status":"closed","ping_status":"closed","template":"","meta":[],"product_brand":[],"product_cat":[50],"product_tag":[45,44],"class_list":{"0":"post-2171","1":"product","2":"type-product","3":"status-publish","4":"has-post-thumbnail","6":"product_cat-thermiques_stiga","7":"product_tag-autoportee","8":"product_tag-tondeuse","10":"first","11":"instock","12":"taxable","13":"shipping-taxable","14":"product-type-simple"},"_links":{"self":[{"href":"https:\/\/www.sarlbml.fr\/sarlbml\/wp-json\/wp\/v2\/product\/2171","targetHints":{"allow":["GET"]}}],"collection":[{"href":"https:\/\/www.sarlbml.fr\/sarlbml\/wp-json\/wp\/v2\/product"}],"about":[{"href":"https:\/\/www.sarlbml.fr\/sarlbml\/wp-json\/wp\/v2\/types\/product"}],"replies":[{"embeddable":true,"href":"https:\/\/www.sarlbml.fr\/sarlbml\/wp-json\/wp\/v2\/comments?post=2171"}],"wp:featuredmedia":[{"embeddable":true,"href":"https:\/\/www.sarlbml.fr\/sarlbml\/wp-json\/wp\/v2\/media\/2164"}],"wp:attachment":[{"href":"https:\/\/www.sarlbml.fr\/sarlbml\/wp-json\/wp\/v2\/media?parent=2171"}],"wp:term":[{"taxonomy":"product_brand","embeddable":true,"href":"https:\/\/www.sarlbml.fr\/sarlbml\/wp-json\/wp\/v2\/product_brand?post=2171"},{"taxonomy":"product_cat","embeddable":true,"href":"https:\/\/www.sarlbml.fr\/sarlbml\/wp-json\/wp\/v2\/product_cat?post=2171"},{"taxonomy":"product_tag","embeddable":true,"href":"https:\/\/www.sarlbml.fr\/sarlbml\/wp-json\/wp\/v2\/product_tag?post=2171"}],"curies":[{"name":"wp","href":"https:\/\/api.w.org\/{rel}","templated":true}]}}