{"id":2163,"date":"2019-03-12T17:00:18","date_gmt":"2019-03-12T16:00:18","guid":{"rendered":"https:\/\/www.sarlbml.fr\/sarlbml\/?post_type=product&#038;p=2163"},"modified":"2019-03-22T17:48:16","modified_gmt":"2019-03-22T16:48:16","slug":"stiga-combi-55-svqh","status":"publish","type":"product","link":"https:\/\/www.sarlbml.fr\/sarlbml\/boutique\/stiga-combi-55-svqh\/","title":{"rendered":"STIGA Combi 55 SVQ H"},"content":{"rendered":"<p>La tondeuse puissante et polyvalente STIGA\u00a0Combi\u00a055\u00a0SVQ\u00a0H propose un bac de ramassage de 70\u00a0litres avec indicateur de remplissage et une largeur de coupe de 53\u00a0cm. Le r\u00e9glage de la hauteur de coupe est centralis\u00e9 et permet de choisir parmi cinq positions allant de 25\u00a0\u00e0 80\u00a0mm \u00e0 l&rsquo;aide d\u2019une poign\u00e9e ergonomique. Le ch\u00e2ssis robuste en acier prot\u00e8ge un moteur Honda GCVx170 Autochoke fiable et efficace de 167\u00a0cm\u00b3 d&rsquo;une puissance nette de 3,30\u00a0kW \u00e0 2\u00a0900\u00a0tr\/min. L&rsquo;efficacit\u00e9 de coupe est optimis\u00e9e par 4\u00a0syst\u00e8mes de coupe offrant les fonctions de ramassage, \u00e9jection lat\u00e9rale, \u00e9jection arri\u00e8re de l\u2019herbe et mulching. Le guidon ergonomique, r\u00e9glable et repliable de la tondeuse Combi\u00a055\u00a0SVQ\u00a0H contribue au confort de son utilisation et \u00e0 la facilit\u00e9 de son rangement. D\u00e9flecteur lat\u00e9ral et obturateur mulching fournis.<\/p>\n","protected":false},"excerpt":{"rendered":"<p>Tondeuse \u00e0 gazon autotract\u00e9e \u00e9quip\u00e9e d&rsquo;un moteur thermique Honda de 167\u00a0cm\u00b3 \u00e0 r\u00e9glage de la vitesse. 4\u00a0syst\u00e8mes de coupe\u00a0: modes ramassage, mulching, \u00e9jection lat\u00e9rale et \u00e9jection arri\u00e8re de l&rsquo;herbe. Bac de ramassage de 70\u00a0litres fourni.<\/p>\n<p><em>&#8211; Moteur thermique Honda de 167 cm\u00b3<\/em><\/p>\n<p><em>&#8211; Tract\u00e9e \u00e0 l&rsquo;aide du syst\u00e8me DSC (contr\u00f4le dynamique de la vitesse) permettant un enclenchement graduel de la transmission<\/em><\/p>\n<p><em>&#8211; Largeur de coupe de 53 cm<\/em><\/p>\n<p><em>&#8211; Bac de ramassage de 70 litres muni d&rsquo;un indicateur de remplissage<\/em><\/p>\n<p><em>&#8211; 4 syst\u00e8mes de coupe : modes ramassage, mulching, \u00e9jection lat\u00e9rale ou arri\u00e8re<\/em><\/p>\n<p>&nbsp;<\/p>\n<p><a href=\"https:\/\/www.ateliersterenn.com\/outillage\/outils-motorises\/tondeuses-et-autoportees\/tondeuse-thermique-stiga-combi-55svqh\" target=\"_blank\" rel=\"noopener noreferrer\">Commander via Atelier Sterenn<\/a><\/p>\n<p> <a class=\"continue-reading-link\" href=\"https:\/\/www.sarlbml.fr\/sarlbml\/boutique\/stiga-combi-55-svqh\/\"><span>Lire la suite<\/span><i class=\"crycon-right-dir\"><\/i><\/a> <\/p>\n","protected":false},"featured_media":2156,"comment_status":"closed","ping_status":"closed","template":"","meta":[],"product_brand":[],"product_cat":[50],"product_tag":[45,44],"class_list":{"0":"post-2163","1":"product","2":"type-product","3":"status-publish","4":"has-post-thumbnail","6":"product_cat-thermiques_stiga","7":"product_tag-autoportee","8":"product_tag-tondeuse","10":"first","11":"instock","12":"taxable","13":"shipping-taxable","14":"product-type-simple"},"_links":{"self":[{"href":"https:\/\/www.sarlbml.fr\/sarlbml\/wp-json\/wp\/v2\/product\/2163","targetHints":{"allow":["GET"]}}],"collection":[{"href":"https:\/\/www.sarlbml.fr\/sarlbml\/wp-json\/wp\/v2\/product"}],"about":[{"href":"https:\/\/www.sarlbml.fr\/sarlbml\/wp-json\/wp\/v2\/types\/product"}],"replies":[{"embeddable":true,"href":"https:\/\/www.sarlbml.fr\/sarlbml\/wp-json\/wp\/v2\/comments?post=2163"}],"wp:featuredmedia":[{"embeddable":true,"href":"https:\/\/www.sarlbml.fr\/sarlbml\/wp-json\/wp\/v2\/media\/2156"}],"wp:attachment":[{"href":"https:\/\/www.sarlbml.fr\/sarlbml\/wp-json\/wp\/v2\/media?parent=2163"}],"wp:term":[{"taxonomy":"product_brand","embeddable":true,"href":"https:\/\/www.sarlbml.fr\/sarlbml\/wp-json\/wp\/v2\/product_brand?post=2163"},{"taxonomy":"product_cat","embeddable":true,"href":"https:\/\/www.sarlbml.fr\/sarlbml\/wp-json\/wp\/v2\/product_cat?post=2163"},{"taxonomy":"product_tag","embeddable":true,"href":"https:\/\/www.sarlbml.fr\/sarlbml\/wp-json\/wp\/v2\/product_tag?post=2163"}],"curies":[{"name":"wp","href":"https:\/\/api.w.org\/{rel}","templated":true}]}}