{"id":2114,"date":"2019-03-12T11:25:04","date_gmt":"2019-03-12T10:25:04","guid":{"rendered":"https:\/\/www.sarlbml.fr\/sarlbml\/?post_type=product&#038;p=2114"},"modified":"2019-03-22T16:32:00","modified_gmt":"2019-03-22T15:32:00","slug":"stiga-tornado-6108-hw","status":"publish","type":"product","link":"https:\/\/www.sarlbml.fr\/sarlbml\/boutique\/stiga-tornado-6108-hw\/","title":{"rendered":"STIGA Tornado 6108 HW"},"content":{"rendered":"<p>Polyvalente et robuste, la tondeuse autoport\u00e9e\u00a0Tornado\u00a06108\u00a0HW est \u00e9quip\u00e9e d&rsquo;un plateau de coupe renforc\u00e9 de 108\u00a0cm avec deux lames et trois roues anti-scalp, d&rsquo;un r\u00e9servoir de carburant de 15\u00a0litres et d&rsquo;un puissant moteur Kawasaki bicylindre d&rsquo;une puissante nette de 9,1\u00a0kW \u00e0 2\u00a0700\u00a0tr\/min. La fonction d&rsquo;\u00e9jection lat\u00e9rale peut \u00eatre utilis\u00e9e comme alternative \u00e0 la fonction mulching qu&rsquo;il est possible d&rsquo;actionner \u00e0 l&rsquo;aide du kit fourni. L&rsquo;essieu avant en fonte garantit une dur\u00e9e de vie prolong\u00e9e et une forte r\u00e9sistance en cas d&rsquo;utilisation intense. Les grandes roues de 15&Prime;x20&Prime; offrent une adh\u00e9rence maximale et le tableau de bord multifonction donne une vue d&rsquo;ensemble des indicateurs de fonctionnement de la machine (batterie, huile, niveau de carburant, nombre de tours par minute du moteur). Les phares \u00e0 LED garantissent une visibilit\u00e9 en toutes circonstances. Chargeur de batterie, kit mulching et kit attache remorque inclus<\/p>\n<p>L&rsquo;essieu avant en fonte de la tondeuse en assure la solidit\u00e9 optimale.<\/p>\n<p>Le tableau de bord multifonction facilite la surveillance des indicateurs de fonctionnement.<\/p>\n<p>La tondeuse peut facilement \u00eatre configur\u00e9e pour broyer l&rsquo;herbe coup\u00e9e \u00e0 l&rsquo;aide du kit fourni.<\/p>\n<p>La p\u00e9dale permet de contr\u00f4ler la vitesse en marche avant en continu, sans avoir besoin de changer de vitesse.<\/p>\n<p>La tondeuse est livr\u00e9e avec un embout de lavage sp\u00e9cial permettant de nettoyer le plateau de coupe.<\/p>\n<p>Le bouchon ext\u00e9rieur facilite le remplissage du r\u00e9servoir.<\/p>\n","protected":false},"excerpt":{"rendered":"<p>Tondeuse autoport\u00e9e thermique \u00e9quip\u00e9e d&rsquo;un moteur Kawasaki de 603\u00a0cm\u00b3 et d&rsquo;un carter de 108\u00a0cm avec deux lames.<\/p>\n<p><em>&#8211; Moteur Kawasaki d&rsquo;une puissance de 9,1 kW \u00e0 2 700 tr\/min<\/em><\/p>\n<p><em>&#8211; Transmission hydrostatique actionn\u00e9e par p\u00e9dale<\/em><\/p>\n<p><em>&#8211; Carter de 108 cm \u00e9quip\u00e9 de roues anti-scalp<\/em><\/p>\n<p><em>&#8211; Phares \u00e0 LED et pare-chocs avant robuste<\/em><\/p>\n<p><em>&#8211; Tableau de bord multifonction \u00e0 6 LED<\/em><\/p>\n<p><em>&#8211; Charge de batterie et kit mulching Stiga Multiclip et attache remorque inclus<\/em><\/p>\n<p>&nbsp;<\/p>\n<p><a href=\"https:\/\/www.ateliersterenn.com\/outillage\/outils-motorises\/tondeuses-et-autoportees\/tracteur-tondeuse-stiga-tornado-6108hw\" target=\"_blank\" rel=\"noopener noreferrer\">Commander via Atelier Sterenn<\/a><\/p>\n<p> <a class=\"continue-reading-link\" href=\"https:\/\/www.sarlbml.fr\/sarlbml\/boutique\/stiga-tornado-6108-hw\/\"><span>Lire la suite<\/span><i class=\"crycon-right-dir\"><\/i><\/a> <\/p>\n","protected":false},"featured_media":2103,"comment_status":"closed","ping_status":"closed","template":"","meta":[],"product_brand":[],"product_cat":[49],"product_tag":[45,44],"class_list":{"0":"post-2114","1":"product","2":"type-product","3":"status-publish","4":"has-post-thumbnail","6":"product_cat-autoportees_stiga","7":"product_tag-autoportee","8":"product_tag-tondeuse","10":"first","11":"instock","12":"taxable","13":"shipping-taxable","14":"product-type-simple"},"_links":{"self":[{"href":"https:\/\/www.sarlbml.fr\/sarlbml\/wp-json\/wp\/v2\/product\/2114","targetHints":{"allow":["GET"]}}],"collection":[{"href":"https:\/\/www.sarlbml.fr\/sarlbml\/wp-json\/wp\/v2\/product"}],"about":[{"href":"https:\/\/www.sarlbml.fr\/sarlbml\/wp-json\/wp\/v2\/types\/product"}],"replies":[{"embeddable":true,"href":"https:\/\/www.sarlbml.fr\/sarlbml\/wp-json\/wp\/v2\/comments?post=2114"}],"wp:featuredmedia":[{"embeddable":true,"href":"https:\/\/www.sarlbml.fr\/sarlbml\/wp-json\/wp\/v2\/media\/2103"}],"wp:attachment":[{"href":"https:\/\/www.sarlbml.fr\/sarlbml\/wp-json\/wp\/v2\/media?parent=2114"}],"wp:term":[{"taxonomy":"product_brand","embeddable":true,"href":"https:\/\/www.sarlbml.fr\/sarlbml\/wp-json\/wp\/v2\/product_brand?post=2114"},{"taxonomy":"product_cat","embeddable":true,"href":"https:\/\/www.sarlbml.fr\/sarlbml\/wp-json\/wp\/v2\/product_cat?post=2114"},{"taxonomy":"product_tag","embeddable":true,"href":"https:\/\/www.sarlbml.fr\/sarlbml\/wp-json\/wp\/v2\/product_tag?post=2114"}],"curies":[{"name":"wp","href":"https:\/\/api.w.org\/{rel}","templated":true}]}}