{"id":2092,"date":"2019-03-12T10:58:04","date_gmt":"2019-03-12T09:58:04","guid":{"rendered":"https:\/\/www.sarlbml.fr\/sarlbml\/?post_type=product&#038;p=2092"},"modified":"2019-03-22T16:39:29","modified_gmt":"2019-03-22T15:39:29","slug":"stiga-tornado-3098-h","status":"publish","type":"product","link":"https:\/\/www.sarlbml.fr\/sarlbml\/boutique\/stiga-tornado-3098-h\/","title":{"rendered":"STIGA Tornado 3098 H"},"content":{"rendered":"<p>La nouvelle tondeuse autoport\u00e9e STIGA Tornado\u00a03098\u00a0H d\u2019allure moderne mise au go\u00fbt du jour est con\u00e7ue pour tous les types d\u2019utilisateurs. Le moteur thermique Briggs &amp; Stratton d&rsquo;une puissance nette de 9\u00a0kW \u00e0 2\u00a0800\u00a0tr\/min s\u2019accompagne d&rsquo;une transmission hydrostatique. Cette tondeuse est con\u00e7ue pour les personnes souhaitant couper la pelouse avec la fonction \u00e9jection lat\u00e9rale ou le syst\u00e8me mulching STIGA Multiclip. Le carter de 98\u00a0cm compte deux lames et deux roues anti-scalp\u00a0; la hauteur de coupe se r\u00e8gle facilement sur 7\u00a0positions, de\u00a025 \u00e0\u00a080\u00a0mm, et les puissants phares \u00e0 LED offrent une meilleure visibilit\u00e9, quelle que soit la p\u00e9riode de l\u2019ann\u00e9e. Chargeur de batterie, obturateur mulching et attache remorque inclus.<\/p>\n<p>La p\u00e9dale permet d&rsquo;ajuster facilement la vitesse sans devoir changer de vitesse.<\/p>\n<p>La tondeuse est livr\u00e9e avec un embout de lavage sp\u00e9cial permettant de nettoyer le carter.<\/p>\n<p>Le pare-chocs avant prot\u00e8ge la tondeuse des chocs.<\/p>\n<p>Les nouveaux phares \u00e0 LED garantissent une visibilit\u00e9 en toutes circonstances.<\/p>\n<p>La hauteur du carter se r\u00e8gle facilement sur sept hauteurs diff\u00e9rentes (de 25\u00a0\u00e0 80\u00a0mm) \u00e0 l&rsquo;aide du levier.<\/p>\n<p>La nouvelle conception du capot donne au produit une apparence moderne et attrayante.<\/p>\n","protected":false},"excerpt":{"rendered":"<p>Tondeuse autoport\u00e9e thermique \u00e9quip\u00e9e d&rsquo;un moteur Briggs &amp; Stratton de 500\u00a0cm\u00b3 et d&rsquo;un carter de 98\u00a0cm \u00e0 deux lames.<\/p>\n<p><em>&#8211; Moteur B&amp;S d&rsquo;une puissance de 9,0 kW \u00e0 2 800 tr\/min<\/em><\/p>\n<p><em>&#8211; Transmission hydrostatique actionn\u00e9e par p\u00e9dale<\/em><\/p>\n<p><em>&#8211; Carter de 98 cm \u00e9quip\u00e9 de roues anti-scalp<\/em><\/p>\n<p><em>&#8211; Phares \u00e0 LED et pare-chocs avant robuste<\/em><\/p>\n<p><em>&#8211; Charge de batterie et kit mulching Stiga Multiclip et attache remorque inclus<\/em><\/p>\n<p>&nbsp;<\/p>\n<p><a href=\"https:\/\/www.ateliersterenn.com\/outillage\/outils-motorises\/tondeuses-et-autoportees\/tracteur-tondeuse-stiga-tornado-3098h\" target=\"_blank\" rel=\"noopener noreferrer\">Commander via Atelier Sterenn<\/a><\/p>\n<p> <a class=\"continue-reading-link\" href=\"https:\/\/www.sarlbml.fr\/sarlbml\/boutique\/stiga-tornado-3098-h\/\"><span>Lire la suite<\/span><i class=\"crycon-right-dir\"><\/i><\/a> <\/p>\n","protected":false},"featured_media":2076,"comment_status":"closed","ping_status":"closed","template":"","meta":[],"product_brand":[],"product_cat":[49],"product_tag":[45,44],"class_list":{"0":"post-2092","1":"product","2":"type-product","3":"status-publish","4":"has-post-thumbnail","6":"product_cat-autoportees_stiga","7":"product_tag-autoportee","8":"product_tag-tondeuse","10":"first","11":"instock","12":"taxable","13":"shipping-taxable","14":"product-type-simple"},"_links":{"self":[{"href":"https:\/\/www.sarlbml.fr\/sarlbml\/wp-json\/wp\/v2\/product\/2092","targetHints":{"allow":["GET"]}}],"collection":[{"href":"https:\/\/www.sarlbml.fr\/sarlbml\/wp-json\/wp\/v2\/product"}],"about":[{"href":"https:\/\/www.sarlbml.fr\/sarlbml\/wp-json\/wp\/v2\/types\/product"}],"replies":[{"embeddable":true,"href":"https:\/\/www.sarlbml.fr\/sarlbml\/wp-json\/wp\/v2\/comments?post=2092"}],"wp:featuredmedia":[{"embeddable":true,"href":"https:\/\/www.sarlbml.fr\/sarlbml\/wp-json\/wp\/v2\/media\/2076"}],"wp:attachment":[{"href":"https:\/\/www.sarlbml.fr\/sarlbml\/wp-json\/wp\/v2\/media?parent=2092"}],"wp:term":[{"taxonomy":"product_brand","embeddable":true,"href":"https:\/\/www.sarlbml.fr\/sarlbml\/wp-json\/wp\/v2\/product_brand?post=2092"},{"taxonomy":"product_cat","embeddable":true,"href":"https:\/\/www.sarlbml.fr\/sarlbml\/wp-json\/wp\/v2\/product_cat?post=2092"},{"taxonomy":"product_tag","embeddable":true,"href":"https:\/\/www.sarlbml.fr\/sarlbml\/wp-json\/wp\/v2\/product_tag?post=2092"}],"curies":[{"name":"wp","href":"https:\/\/api.w.org\/{rel}","templated":true}]}}