{"id":2050,"date":"2019-03-11T18:40:37","date_gmt":"2019-03-11T17:40:37","guid":{"rendered":"https:\/\/www.sarlbml.fr\/sarlbml\/?post_type=product&#038;p=2050"},"modified":"2019-03-22T16:58:01","modified_gmt":"2019-03-22T15:58:01","slug":"stiga-estate-5092-hw","status":"publish","type":"product","link":"https:\/\/www.sarlbml.fr\/sarlbml\/boutique\/stiga-estate-5092-hw\/","title":{"rendered":"STIGA Estate 5092 HW"},"content":{"rendered":"<p>La tondeuse autoport\u00e9e STIGA\u00a0Estate\u00a05092\u00a0HW est \u00e9quip\u00e9e d&rsquo;un moteur Kawasaki monocylindre d&rsquo;une puissance nette de 9,1\u00a0kW \u00e0 2\u00a0700\u00a0tr\/min. Elle est dot\u00e9e d&rsquo;une transmission hydrostatique actionn\u00e9e par p\u00e9dale, d&rsquo;un carter de 92\u00a0cm \u00e0 deux lames, de sept positions de hauteur de coupe (entre 25 et 80\u00a0mm) et d&rsquo;un embrayage de lame \u00e9lectromagn\u00e9tique. Le mod\u00e8le\u00a0Estate\u00a05092\u00a0HW est \u00e9quip\u00e9 d&rsquo;un nouveau capot avec phares \u00e0 LED puissants et d&rsquo;un grand r\u00e9servoir de carburant facile d\u2019acc\u00e8s. La tondeuse poss\u00e8de \u00e9galement un volant ergonomique, un si\u00e8ge confortable et un tableau de bord permettant de surveiller les indicateurs de fonctionnement. La tondeuse\u00a0Estate\u00a05092\u00a0HW peut \u00eatre utilis\u00e9e avec le bac de ramassage arri\u00e8re de 290\u00a0litres ou elle peut broyer l&rsquo;herbe coup\u00e9e \u00e0 l&rsquo;aide du kit mulching fourni. Chargeur de batterie, pare-chocs avant et kit attache remorque inclus.<\/p>\n<p>La p\u00e9dale permet de contr\u00f4ler la vitesse en marche avant en continu, sans avoir besoin de changer de vitesse.<\/p>\n<p>Le carter de 92\u00a0cm comprend deux lames synchronis\u00e9es.<\/p>\n<p>Le bac de ramassage fourni peut contenir jusqu&rsquo;\u00e0 290\u00a0litres d&rsquo;herbe coup\u00e9e.<\/p>\n<p>Le si\u00e8ge r\u00e9glable de la tondeuse assure un confort de conduite optimal.<\/p>\n<p>Les phares permettent d&rsquo;utiliser cette tondeuse m\u00eame dans de mauvaises conditions d&rsquo;\u00e9clairage.<\/p>\n<p>Le capot a \u00e9t\u00e9 repens\u00e9 pour une puissance moteur et une admission d&rsquo;air optimis\u00e9es, et pour accueillir un plus grand r\u00e9servoir de carburant. Le bouchon ext\u00e9rieur en facilite l&rsquo;acc\u00e8s.<\/p>\n","protected":false},"excerpt":{"rendered":"<p>Tondeuse autoport\u00e9e thermique \u00e9quip\u00e9e d&rsquo;un moteur Kawasaki de 603\u00a0cm\u00b3, d&rsquo;un carter de 92\u00a0cm avec deux lames synchronis\u00e9es et d&rsquo;un bac de ramassage arri\u00e8re de 290\u00a0litres.<\/p>\n<p><em>&#8211; Moteur Kawasaki bicylindre d&rsquo;une puissance de 9,1 kW \u00e0 2 700 tr\/min<\/em><\/p>\n<p><em>&#8211; Transmission hydrostatique actionn\u00e9e par p\u00e9dale<\/em><\/p>\n<p><em>&#8211; Carter de 92 cm \u00e9quip\u00e9 de deux roues anti-scalp<\/em><\/p>\n<p><em>&#8211; Bac de ramassage de 290 litres<\/em><\/p>\n<p><em>&#8211; Phares \u00e0 LED et pare-chocs avant robuste<\/em><\/p>\n<p><em>&#8211; Tableau de bord avec indicateurs de fonctionnement<\/em><\/p>\n<p><em>&#8211; Charge de batterie et kit mulching Stiga Multiclip inclus<\/em><\/p>\n<p>&nbsp;<\/p>\n<p><a href=\"https:\/\/www.ateliersterenn.com\/outillage\/outils-motorises\/tondeuses-et-autoportees\/tracteur-tondeuse-stiga-estate-5092hw\" target=\"_blank\" rel=\"noopener noreferrer\">Commander via Atelier Sterenn<\/a><\/p>\n<p> <a class=\"continue-reading-link\" href=\"https:\/\/www.sarlbml.fr\/sarlbml\/boutique\/stiga-estate-5092-hw\/\"><span>Lire la suite<\/span><i class=\"crycon-right-dir\"><\/i><\/a> <\/p>\n","protected":false},"featured_media":2038,"comment_status":"closed","ping_status":"closed","template":"","meta":[],"product_brand":[],"product_cat":[49],"product_tag":[45,44],"class_list":{"0":"post-2050","1":"product","2":"type-product","3":"status-publish","4":"has-post-thumbnail","6":"product_cat-autoportees_stiga","7":"product_tag-autoportee","8":"product_tag-tondeuse","10":"first","11":"instock","12":"taxable","13":"shipping-taxable","14":"product-type-simple"},"_links":{"self":[{"href":"https:\/\/www.sarlbml.fr\/sarlbml\/wp-json\/wp\/v2\/product\/2050","targetHints":{"allow":["GET"]}}],"collection":[{"href":"https:\/\/www.sarlbml.fr\/sarlbml\/wp-json\/wp\/v2\/product"}],"about":[{"href":"https:\/\/www.sarlbml.fr\/sarlbml\/wp-json\/wp\/v2\/types\/product"}],"replies":[{"embeddable":true,"href":"https:\/\/www.sarlbml.fr\/sarlbml\/wp-json\/wp\/v2\/comments?post=2050"}],"wp:featuredmedia":[{"embeddable":true,"href":"https:\/\/www.sarlbml.fr\/sarlbml\/wp-json\/wp\/v2\/media\/2038"}],"wp:attachment":[{"href":"https:\/\/www.sarlbml.fr\/sarlbml\/wp-json\/wp\/v2\/media?parent=2050"}],"wp:term":[{"taxonomy":"product_brand","embeddable":true,"href":"https:\/\/www.sarlbml.fr\/sarlbml\/wp-json\/wp\/v2\/product_brand?post=2050"},{"taxonomy":"product_cat","embeddable":true,"href":"https:\/\/www.sarlbml.fr\/sarlbml\/wp-json\/wp\/v2\/product_cat?post=2050"},{"taxonomy":"product_tag","embeddable":true,"href":"https:\/\/www.sarlbml.fr\/sarlbml\/wp-json\/wp\/v2\/product_tag?post=2050"}],"curies":[{"name":"wp","href":"https:\/\/api.w.org\/{rel}","templated":true}]}}