{"id":1979,"date":"2019-03-07T18:41:28","date_gmt":"2019-03-07T17:41:28","guid":{"rendered":"https:\/\/www.sarlbml.fr\/sarlbml\/?post_type=product&#038;p=1979"},"modified":"2019-03-22T17:22:55","modified_gmt":"2019-03-22T16:22:55","slug":"auto-portee-a-rayon-de-braquage-zero-ariens-ikon-x52","status":"publish","type":"product","link":"https:\/\/www.sarlbml.fr\/sarlbml\/boutique\/auto-portee-a-rayon-de-braquage-zero-ariens-ikon-x52\/","title":{"rendered":"Auto-port\u00e9e \u00e0 rayon de braquage z\u00e9ro ARIENS IKON X52"},"content":{"rendered":"\n<table id=\"tablepress-79\" class=\"tablepress tablepress-id-79 tablepress-responsive\">\n<tbody class=\"row-striping row-hover\">\n<tr class=\"row-1\">\n\t<td class=\"column-1\"><Strong>Vitesse<\/Strong><\/td><td class=\"column-2\">AV 7 km\/h - AR 3 km\/h<\/td>\n<\/tr>\n<tr class=\"row-2\">\n\t<td class=\"column-1\"><Strong>Dimensions (Lxlxh)<\/Strong><\/td><td class=\"column-2\">197 x 160 x 102 cm<\/td>\n<\/tr>\n<tr class=\"row-3\">\n\t<td class=\"column-1\"><Strong>Moteur<\/Strong><\/td><td class=\"column-2\">Kawasaki FR691<\/td>\n<\/tr>\n<tr class=\"row-4\">\n\t<td class=\"column-1\"><Strong>Cylindr\u00e9e<\/Strong><\/td><td class=\"column-2\">726 cm3<\/td>\n<\/tr>\n<tr class=\"row-5\">\n\t<td class=\"column-1\"><Strong>Puissance<\/Strong><\/td><td class=\"column-2\">nc<\/td>\n<\/tr>\n<tr class=\"row-6\">\n\t<td class=\"column-1\"><Strong>Contenance r\u00e9servoir d'essence<\/Strong><\/td><td class=\"column-2\">nc<\/td>\n<\/tr>\n<tr class=\"row-7\">\n\t<td class=\"column-1\"><Strong>Roues avant pivotantes<\/Strong><\/td><td class=\"column-2\">oui<\/td>\n<\/tr>\n<tr class=\"row-8\">\n\t<td class=\"column-1\"><Strong>Dimensions des roues avant<\/Strong><\/td><td class=\"column-2\">nc<\/td>\n<\/tr>\n<tr class=\"row-9\">\n\t<td class=\"column-1\"><Strong>Dimensions des roues arri\u00e8re<\/Strong><\/td><td class=\"column-2\">nc<\/td>\n<\/tr>\n<tr class=\"row-10\">\n\t<td class=\"column-1\"><Strong>Largeur de coupe<\/Strong><\/td><td class=\"column-2\">132 cm<\/td>\n<\/tr>\n<tr class=\"row-11\">\n\t<td class=\"column-1\"><Strong>Hauteur de coupe<\/Strong><\/td><td class=\"column-2\">3.8 \u00e0 11.4 cm<\/td>\n<\/tr>\n<tr class=\"row-12\">\n\t<td class=\"column-1\"><Strong>Nombre de hauteurs de coupe<\/Strong><\/td><td class=\"column-2\">13<\/td>\n<\/tr>\n<tr class=\"row-13\">\n\t<td class=\"column-1\"><Strong>Transmission<\/Strong><\/td><td class=\"column-2\">Hydrogear EZT<\/td>\n<\/tr>\n<\/tbody>\n<\/table>\n<!-- #tablepress-79 from cache -->\n","protected":false},"excerpt":{"rendered":"<p>&nbsp;<\/p>\n<p>Tondeuse auto-port\u00e9e \u00e0 rayon de braquage 0.<\/p>\n<p>&nbsp;<\/p>\n<p> <a class=\"continue-reading-link\" href=\"https:\/\/www.sarlbml.fr\/sarlbml\/boutique\/auto-portee-a-rayon-de-braquage-zero-ariens-ikon-x52\/\"><span>Lire la suite<\/span><i class=\"crycon-right-dir\"><\/i><\/a> <\/p>\n","protected":false},"featured_media":1980,"comment_status":"closed","ping_status":"closed","template":"","meta":[],"product_brand":[],"product_cat":[48],"product_tag":[45,46,44,47],"class_list":{"0":"post-1979","1":"product","2":"type-product","3":"status-publish","4":"has-post-thumbnail","6":"product_cat-auto-portees-braquage-zero","7":"product_tag-autoportee","8":"product_tag-braquage-zero","9":"product_tag-tondeuse","10":"product_tag-zero-turn","12":"first","13":"instock","14":"taxable","15":"shipping-taxable","16":"product-type-simple"},"_links":{"self":[{"href":"https:\/\/www.sarlbml.fr\/sarlbml\/wp-json\/wp\/v2\/product\/1979","targetHints":{"allow":["GET"]}}],"collection":[{"href":"https:\/\/www.sarlbml.fr\/sarlbml\/wp-json\/wp\/v2\/product"}],"about":[{"href":"https:\/\/www.sarlbml.fr\/sarlbml\/wp-json\/wp\/v2\/types\/product"}],"replies":[{"embeddable":true,"href":"https:\/\/www.sarlbml.fr\/sarlbml\/wp-json\/wp\/v2\/comments?post=1979"}],"wp:featuredmedia":[{"embeddable":true,"href":"https:\/\/www.sarlbml.fr\/sarlbml\/wp-json\/wp\/v2\/media\/1980"}],"wp:attachment":[{"href":"https:\/\/www.sarlbml.fr\/sarlbml\/wp-json\/wp\/v2\/media?parent=1979"}],"wp:term":[{"taxonomy":"product_brand","embeddable":true,"href":"https:\/\/www.sarlbml.fr\/sarlbml\/wp-json\/wp\/v2\/product_brand?post=1979"},{"taxonomy":"product_cat","embeddable":true,"href":"https:\/\/www.sarlbml.fr\/sarlbml\/wp-json\/wp\/v2\/product_cat?post=1979"},{"taxonomy":"product_tag","embeddable":true,"href":"https:\/\/www.sarlbml.fr\/sarlbml\/wp-json\/wp\/v2\/product_tag?post=1979"}],"curies":[{"name":"wp","href":"https:\/\/api.w.org\/{rel}","templated":true}]}}