{"id":773,"date":"2015-05-28T18:17:09","date_gmt":"2015-05-28T17:17:09","guid":{"rendered":"http:\/\/sarlbmlfzd.cluster011.ovh.net\/sarlbml\/?page_id=773"},"modified":"2019-02-12T18:45:14","modified_gmt":"2019-02-12T17:45:14","slug":"hrx-537","status":"publish","type":"page","link":"https:\/\/www.sarlbml.fr\/sarlbml\/catalogue\/catalogue-honda\/tondeuses-thermiques-et-electriques-honda\/hrx-537\/","title":{"rendered":"HRX 537"},"content":{"rendered":"<p><img loading=\"lazy\" decoding=\"async\" class=\"alignleft wp-image-230\" src=\"https:\/\/www.sarlbml.fr\/sarlbml\/wp-content\/uploads\/2015\/05\/hrx537cvye.jpg\" alt=\"HRX537C VYE ST1 005\" width=\"200\" height=\"200\" srcset=\"https:\/\/www.sarlbml.fr\/sarlbml\/wp-content\/uploads\/2015\/05\/hrx537cvye.jpg 1500w, https:\/\/www.sarlbml.fr\/sarlbml\/wp-content\/uploads\/2015\/05\/hrx537cvye-300x300.jpg 300w, https:\/\/www.sarlbml.fr\/sarlbml\/wp-content\/uploads\/2015\/05\/hrx537cvye-100x100.jpg 100w, https:\/\/www.sarlbml.fr\/sarlbml\/wp-content\/uploads\/2015\/05\/hrx537cvye-600x600.jpg 600w, https:\/\/www.sarlbml.fr\/sarlbml\/wp-content\/uploads\/2015\/05\/hrx537cvye-150x150.jpg 150w, https:\/\/www.sarlbml.fr\/sarlbml\/wp-content\/uploads\/2015\/05\/hrx537cvye-1024x1024.jpg 1024w\" sizes=\"auto, (max-width: 200px) 100vw, 200px\" \/>Le carter multi-fonctions permet de passer sans outils du mulching au ramassage, pour un r\u00e9sultat toujours impeccable. Le moteur de 190cc allie puissance et facilit\u00e9 gr\u00e2ce au starter automatique. Un variateur tr\u00e8s ergonomique permet de r\u00e9gler la vitesse dans un grand confort.. L\u2019embrayage de lames est un gage de s\u00e9curit\u00e9 et de confort.<\/p>\n<hr>\n\n<table id=\"tablepress-25\" class=\"tablepress tablepress-id-25 tablepress-responsive tbody-has-connected-cells\">\n<tbody class=\"row-striping\">\n<tr class=\"row-1\">\n\t<td class=\"column-1\"><\/td><td class=\"column-2\"><div class=\"wp-block-image\"><figure class=\"aligncenter\"><img loading=\"lazy\" decoding=\"async\" src=\"https:\/\/www.sarlbml.fr\/sarlbml\/wp-content\/uploads\/2015\/05\/hrx537cvye.jpg\" alt=\"\" width=\"50\" height=\"50\" class=\"aligncenter size-full wp-image-306\" \/><\/figure><\/div><\/td><td class=\"column-3\"><div class=\"wp-block-image\"><figure class=\"aligncenter\"><img loading=\"lazy\" decoding=\"async\" src=\"https:\/\/www.sarlbml.fr\/sarlbml\/wp-content\/uploads\/2015\/05\/hrx537cvye.jpg\" alt=\"\" width=\"50\" height=\"50\" class=\"aligncenter size-full wp-image-306\" \/><\/figure><\/div><\/td><td class=\"column-4\"><div class=\"wp-block-image\"><figure class=\"aligncenter\"><img loading=\"lazy\" decoding=\"async\" src=\"https:\/\/www.sarlbml.fr\/sarlbml\/wp-content\/uploads\/2015\/05\/hrx537chxe.jpg\" alt=\"\" width=\"50\" height=\"50\" class=\"aligncenter size-full wp-image-306\" \/><\/figure><\/div><\/td><td class=\"column-5\"><div class=\"wp-block-image\"><figure class=\"aligncenter\"><img loading=\"lazy\" decoding=\"async\" src=\"https:\/\/www.sarlbml.fr\/sarlbml\/wp-content\/uploads\/2015\/05\/hrx537chxe.jpg\" alt=\"\" width=\"50\" height=\"50\" class=\"aligncenter size-full wp-image-306\" \/><\/figure><\/div><\/td>\n<\/tr>\n<tr class=\"row-2\">\n\t<td class=\"column-1\"><strong>Mod\u00e8le<\/strong><\/td><td class=\"column-2\"><p style=\"text-align: center;\"><strong>HRX 537 VKE<\/strong><\/p><\/td><td class=\"column-3\"><p style=\"text-align: center;\"><strong>HRX 537 VYE<\/strong><\/p><\/td><td class=\"column-4\"><p style=\"text-align: center;\"><strong>HRX 537 HYE<\/strong><\/p><\/td><td class=\"column-5\"><p style=\"text-align: center;\"><strong>HRX 537 HZE<\/strong><\/p><\/td>\n<\/tr>\n<tr class=\"row-3\">\n\t<td class=\"column-1\">Moteur<\/td><td colspan=\"4\" class=\"column-2\"><p style=\"text-align: center;\">GCV 190<\/p><\/td>\n<\/tr>\n<tr class=\"row-4\">\n\t<td class=\"column-1\">Type<\/td><td colspan=\"4\" class=\"column-2\"><p style=\"text-align: center;\">4 temps, OHC<\/p><\/td>\n<\/tr>\n<tr class=\"row-5\">\n\t<td class=\"column-1\">Cylindr\u00e9e<\/td><td colspan=\"4\" class=\"column-2\"><p style=\"text-align: center;\">190 cc<\/p><\/td>\n<\/tr>\n<tr class=\"row-6\">\n\t<td class=\"column-1\">Puissance<\/td><td colspan=\"4\" class=\"column-2\"><p style=\"text-align: center;\">3,8 kw \u00e0 3600 tr\/mn<\/p><\/td>\n<\/tr>\n<tr class=\"row-7\">\n\t<td class=\"column-1\">D\u00e9marrage<\/td><td colspan=\"4\" class=\"column-2\"><p style=\"text-align: center;\">Lanceur au guidon<\/p><\/td>\n<\/tr>\n<tr class=\"row-8\">\n\t<td class=\"column-1\">Traction<\/td><td colspan=\"2\" class=\"column-2\"><p style=\"text-align: center;\">Honda SmartDrive<\/p><\/td><td colspan=\"2\" class=\"column-4\"><p style=\"text-align: center;\">Autotract\u00e9e<\/p><\/td>\n<\/tr>\n<tr class=\"row-9\">\n\t<td class=\"column-1\">Transmission<\/td><td colspan=\"4\" class=\"column-2\"><p style=\"text-align: center;\">1 vitesse \/ Hydrostatique<\/p><\/td>\n<\/tr>\n<tr class=\"row-10\">\n\t<td class=\"column-1\">S\u00e9curit\u00e9<\/td><td class=\"column-2\"><p style=\"text-align: center;\">Frein moteur<\/p><\/td><td colspan=\"3\" class=\"column-3\"><p style=\"text-align: center;\">Rotostop\u2122 (embrayage de lame)<\/p><\/td>\n<\/tr>\n<tr class=\"row-11\">\n\t<td class=\"column-1\">Largeur de coupe<\/td><td colspan=\"4\" class=\"column-2\"><p style=\"text-align: center;\">53 cm - Mulching variable<\/p><\/td>\n<\/tr>\n<tr class=\"row-12\">\n\t<td class=\"column-1\">Mat\u00e9riau du carter<\/td><td colspan=\"4\" class=\"column-2\"><p style=\"text-align: center;\">Honda Polystrong\u00ae garanti 5 ans<\/p><\/td>\n<\/tr>\n<tr class=\"row-13\">\n\t<td class=\"column-1\">R\u00e9glage de la hauteur de coupe<\/td><td colspan=\"4\" class=\"column-2\"><p style=\"text-align: center;\">Centralis\u00e9<\/p><\/td>\n<\/tr>\n<tr class=\"row-14\">\n\t<td class=\"column-1\">Capacit\u00e9 du bac de ramassage<\/td><td colspan=\"4\" class=\"column-2\"><p style=\"text-align: center;\">88 litres<\/p><\/td>\n<\/tr>\n<tr class=\"row-15\">\n\t<td class=\"column-1\">Mat\u00e9riau du bac de ramassage<\/td><td colspan=\"4\" class=\"column-2\"><p style=\"text-align: center;\">Toile avec filtre anti-poussi\u00e8re<\/p><\/td>\n<\/tr>\n<tr class=\"row-16\">\n\t<td class=\"column-1\">Poids \u00e0 vide<\/td><td class=\"column-2\"><p style=\"text-align: center;\">38 kg<\/p><\/td><td class=\"column-3\"><p style=\"text-align: center;\">41 kg<\/p><\/td><td class=\"column-4\"><p style=\"text-align: center;\">43 kg<\/p><\/td><td class=\"column-5\"><p style=\"text-align: center;\">42 kg<\/p><\/td>\n<\/tr>\n<tr class=\"row-17\">\n\t<td class=\"column-1\">Niveau sonore LWA*<\/td><td colspan=\"4\" class=\"column-2\"><p style=\"text-align: center;\">98 dB(A)<\/p><\/td>\n<\/tr>\n<\/tbody>\n<\/table>\n<!-- #tablepress-25 from cache -->\n<hr>\n<p><strong>Les avantages en r\u00e9sum\u00e9 :<\/strong><\/p>\n<p>&#8211; Moteur Honda 4-temps GCV de technologie OHC, \u00ab\u00a0arbre \u00e0 cames en t\u00eate\u00a0\u00bb.<br \/>\n&#8211; \u00ab\u00a0Easy Start\u00a0\u00bb d\u00e9compresseur automatique = d\u00e9marrage facile.<br \/>\n&#8211; Guidon ergonomique.<br \/>\n&#8211; Carter xenoy\u00ae.<br \/>\n&#8211;&nbsp;Largeur de coupe de 53 cm.<\/p>\n","protected":false},"excerpt":{"rendered":"<p>Le carter multi-fonctions permet de passer sans outils du mulching au ramassage, pour un r\u00e9sultat toujours impeccable. Le moteur de 190cc allie puissance et facilit\u00e9 gr\u00e2ce au starter automatique. Un variateur tr\u00e8s ergonomique permet de r\u00e9gler la vitesse dans un grand confort.. L\u2019embrayage de lames est un gage de s\u00e9curit\u00e9\u2026<\/p>\n<p> <a class=\"continue-reading-link\" href=\"https:\/\/www.sarlbml.fr\/sarlbml\/catalogue\/catalogue-honda\/tondeuses-thermiques-et-electriques-honda\/hrx-537\/\"><span>Lire la suite<\/span><i class=\"crycon-right-dir\"><\/i><\/a> <\/p>\n","protected":false},"author":1,"featured_media":0,"parent":203,"menu_order":0,"comment_status":"closed","ping_status":"open","template":"","meta":{"footnotes":""},"class_list":["post-773","page","type-page","status-publish","hentry"],"_links":{"self":[{"href":"https:\/\/www.sarlbml.fr\/sarlbml\/wp-json\/wp\/v2\/pages\/773","targetHints":{"allow":["GET"]}}],"collection":[{"href":"https:\/\/www.sarlbml.fr\/sarlbml\/wp-json\/wp\/v2\/pages"}],"about":[{"href":"https:\/\/www.sarlbml.fr\/sarlbml\/wp-json\/wp\/v2\/types\/page"}],"author":[{"embeddable":true,"href":"https:\/\/www.sarlbml.fr\/sarlbml\/wp-json\/wp\/v2\/users\/1"}],"replies":[{"embeddable":true,"href":"https:\/\/www.sarlbml.fr\/sarlbml\/wp-json\/wp\/v2\/comments?post=773"}],"version-history":[{"count":2,"href":"https:\/\/www.sarlbml.fr\/sarlbml\/wp-json\/wp\/v2\/pages\/773\/revisions"}],"predecessor-version":[{"id":1678,"href":"https:\/\/www.sarlbml.fr\/sarlbml\/wp-json\/wp\/v2\/pages\/773\/revisions\/1678"}],"up":[{"embeddable":true,"href":"https:\/\/www.sarlbml.fr\/sarlbml\/wp-json\/wp\/v2\/pages\/203"}],"wp:attachment":[{"href":"https:\/\/www.sarlbml.fr\/sarlbml\/wp-json\/wp\/v2\/media?parent=773"}],"curies":[{"name":"wp","href":"https:\/\/api.w.org\/{rel}","templated":true}]}}