{"id":458,"date":"2015-05-27T14:55:53","date_gmt":"2015-05-27T13:55:53","guid":{"rendered":"http:\/\/sarlbmlfzd.cluster011.ovh.net\/sarlbml\/?page_id=458"},"modified":"2019-02-12T15:47:37","modified_gmt":"2019-02-12T14:47:37","slug":"grands-espaces","status":"publish","type":"page","link":"https:\/\/www.sarlbml.fr\/sarlbml\/grands-espaces\/","title":{"rendered":"Grands espaces"},"content":{"rendered":"<p>Notre \u00e9tablissement propose du mat\u00e9riel professionnel sp\u00e9cialement \u00e9tudi\u00e9 pour les grands espaces et accessible pour tous !<\/p>\n<p><img loading=\"lazy\" decoding=\"async\" class=\" size-full wp-image-467 alignnone\" src=\"https:\/\/www.sarlbml.fr\/sarlbml\/wp-content\/uploads\/2015\/05\/logo_iseki_red.jpg\" alt=\"logo_iseki_red\" width=\"85\" height=\"17\"><\/p>\n<hr>\n<p><a href=\"https:\/\/www.sarlbml.fr\/sarlbml\/grands-espaces\/iseki-sxg\/\">SXG323 &amp; SXG326<\/a><\/p>\n<p><a href=\"https:\/\/www.sarlbml.fr\/sarlbml\/grands-espaces\/iseki-sxg\/\"><img loading=\"lazy\" decoding=\"async\" class=\" size-full wp-image-463 alignleft\" src=\"https:\/\/www.sarlbml.fr\/sarlbml\/wp-content\/uploads\/2015\/05\/sxg19.jpg\" alt=\"sxg19\" width=\"200\" height=\"133\" srcset=\"https:\/\/www.sarlbml.fr\/sarlbml\/wp-content\/uploads\/2015\/05\/sxg19.jpg 200w, https:\/\/www.sarlbml.fr\/sarlbml\/wp-content\/uploads\/2015\/05\/sxg19-150x100.jpg 150w\" sizes=\"auto, (max-width: 200px) 100vw, 200px\" \/><\/a>Efficacit\u00e9, fiabilit\u00e9, aisance sont les principes directeurs d\u2019ISEKI depuis de nombreuses ann\u00e9es.<\/p>\n<hr>\n<p><a href=\"https:\/\/www.sarlbml.fr\/sarlbml\/grands-espaces\/sfh-220\/\">SFH220<\/a><\/p>\n<p><a href=\"https:\/\/www.sarlbml.fr\/sarlbml\/grands-espaces\/sfh-220\/\"><img loading=\"lazy\" decoding=\"async\" class=\"alignleft size-full wp-image-462\" src=\"https:\/\/www.sarlbml.fr\/sarlbml\/wp-content\/uploads\/2015\/05\/sfh220.jpg\" alt=\"sfh220\" width=\"200\" height=\"151\" srcset=\"https:\/\/www.sarlbml.fr\/sarlbml\/wp-content\/uploads\/2015\/05\/sfh220.jpg 200w, https:\/\/www.sarlbml.fr\/sarlbml\/wp-content\/uploads\/2015\/05\/sfh220-199x150.jpg 199w, https:\/\/www.sarlbml.fr\/sarlbml\/wp-content\/uploads\/2015\/05\/sfh220-150x113.jpg 150w\" sizes=\"auto, (max-width: 200px) 100vw, 200px\" \/><\/a>Compactes, Silencieuses et Puissantes, les nouvelles tondeuses frontales SFH sortent du lot.<\/p>\n<hr>\n<p><a href=\"https:\/\/www.sarlbml.fr\/sarlbml\/grands-espaces\/tm3160-2\/\">TM3185<\/a><\/p>\n<p><a href=\"https:\/\/www.sarlbml.fr\/sarlbml\/grands-espaces\/tm3160-2\/\"><img loading=\"lazy\" decoding=\"async\" class=\"alignleft size-full wp-image-464\" src=\"https:\/\/www.sarlbml.fr\/sarlbml\/wp-content\/uploads\/2015\/05\/tm3160.jpg\" alt=\"tm3160\" width=\"200\" height=\"233\" srcset=\"https:\/\/www.sarlbml.fr\/sarlbml\/wp-content\/uploads\/2015\/05\/tm3160.jpg 200w, https:\/\/www.sarlbml.fr\/sarlbml\/wp-content\/uploads\/2015\/05\/tm3160-129x150.jpg 129w\" sizes=\"auto, (max-width: 200px) 100vw, 200px\" \/><\/a>Petit, mais costaud.<\/p>\n<hr>\n<p><a href=\"https:\/\/www.sarlbml.fr\/sarlbml\/grands-espaces\/iseki-txg-23\/\">TXG23<\/a><\/p>\n<p><a href=\"https:\/\/www.sarlbml.fr\/sarlbml\/grands-espaces\/iseki-txg-23\/\"><img loading=\"lazy\" decoding=\"async\" class=\"alignleft size-full wp-image-465\" src=\"https:\/\/www.sarlbml.fr\/sarlbml\/wp-content\/uploads\/2015\/05\/txg23fhv.jpg\" alt=\"txg23fhv\" width=\"200\" height=\"220\" srcset=\"https:\/\/www.sarlbml.fr\/sarlbml\/wp-content\/uploads\/2015\/05\/txg23fhv.jpg 200w, https:\/\/www.sarlbml.fr\/sarlbml\/wp-content\/uploads\/2015\/05\/txg23fhv-136x150.jpg 136w\" sizes=\"auto, (max-width: 200px) 100vw, 200px\" \/><\/a>Le travail dans le confort<\/p>\n<hr>\n<p>Bouchaud Motoculture Loisirs propose un ensemble d&rsquo;outils pour les micro-tracteurs.<\/p>\n<p>Benne arri\u00e8re l\u00e9g\u00e8re<\/p>\n<p><img loading=\"lazy\" decoding=\"async\" class=\"alignleft wp-image-460\" src=\"https:\/\/www.sarlbml.fr\/sarlbml\/wp-content\/uploads\/2015\/05\/BAL115.jpg\" alt=\"BAL115\" width=\"200\" height=\"143\" srcset=\"https:\/\/www.sarlbml.fr\/sarlbml\/wp-content\/uploads\/2015\/05\/BAL115.jpg 227w, https:\/\/www.sarlbml.fr\/sarlbml\/wp-content\/uploads\/2015\/05\/BAL115-210x150.jpg 210w, https:\/\/www.sarlbml.fr\/sarlbml\/wp-content\/uploads\/2015\/05\/BAL115-150x107.jpg 150w\" sizes=\"auto, (max-width: 200px) 100vw, 200px\" \/>115 x 64 cm.<br \/>\nPorte amovible.<br \/>\nPivotement simple.<\/p>\n<hr>\n<p>Roto d\u00e9portable<\/p>\n<p><img loading=\"lazy\" decoding=\"async\" class=\"alignleft wp-image-459\" src=\"https:\/\/www.sarlbml.fr\/sarlbml\/wp-content\/uploads\/2015\/05\/agric_alj.jpg\" alt=\"agric_alj\" width=\"200\" height=\"133\" srcset=\"https:\/\/www.sarlbml.fr\/sarlbml\/wp-content\/uploads\/2015\/05\/agric_alj.jpg 400w, https:\/\/www.sarlbml.fr\/sarlbml\/wp-content\/uploads\/2015\/05\/agric_alj-300x200.jpg 300w, https:\/\/www.sarlbml.fr\/sarlbml\/wp-content\/uploads\/2015\/05\/agric_alj-226x150.jpg 226w, https:\/\/www.sarlbml.fr\/sarlbml\/wp-content\/uploads\/2015\/05\/agric_alj-150x100.jpg 150w\" sizes=\"auto, (max-width: 200px) 100vw, 200px\" \/>Attelage 3 points n\u00b01 et r\u00e9glage de profondeur par patins.<br \/>\nTransmission lat\u00e9ral par cha\u00eene.<br \/>\nBoitier d\u00e9centr\u00e9.<\/p>\n<hr>\n<p>Giro-compacte<\/p>\n<p><img loading=\"lazy\" decoding=\"async\" class=\"alignleft wp-image-461\" src=\"https:\/\/www.sarlbml.fr\/sarlbml\/wp-content\/uploads\/2015\/05\/Giro_2008_227.jpg\" alt=\"Giro_2008_227\" width=\"200\" height=\"121\" srcset=\"https:\/\/www.sarlbml.fr\/sarlbml\/wp-content\/uploads\/2015\/05\/Giro_2008_227.jpg 227w, https:\/\/www.sarlbml.fr\/sarlbml\/wp-content\/uploads\/2015\/05\/Giro_2008_227-150x91.jpg 150w\" sizes=\"auto, (max-width: 200px) 100vw, 200px\" \/>Ch\u00e2ssis monobloc<br \/>\nR\u00e9glage de la hauteur de coupe par la partie centrale.<br \/>\nTransmission sans limiteur comprise &#8211; Patins fixes.<br \/>\nLames escamotables.<\/p>\n","protected":false},"excerpt":{"rendered":"<p>Notre \u00e9tablissement propose du mat\u00e9riel professionnel sp\u00e9cialement \u00e9tudi\u00e9 pour les grands espaces et accessible pour tous ! SXG323 &amp; SXG326 Efficacit\u00e9, fiabilit\u00e9, aisance sont les principes directeurs d\u2019ISEKI depuis de nombreuses ann\u00e9es. SFH220 Compactes, Silencieuses et Puissantes, les nouvelles tondeuses frontales SFH sortent du lot. TM3185 Petit, mais costaud. TXG23\u2026<\/p>\n<p> <a class=\"continue-reading-link\" href=\"https:\/\/www.sarlbml.fr\/sarlbml\/grands-espaces\/\"><span>Lire la suite<\/span><i class=\"crycon-right-dir\"><\/i><\/a> <\/p>\n","protected":false},"author":1,"featured_media":0,"parent":0,"menu_order":4,"comment_status":"closed","ping_status":"open","template":"","meta":{"footnotes":""},"class_list":["post-458","page","type-page","status-publish","hentry"],"_links":{"self":[{"href":"https:\/\/www.sarlbml.fr\/sarlbml\/wp-json\/wp\/v2\/pages\/458","targetHints":{"allow":["GET"]}}],"collection":[{"href":"https:\/\/www.sarlbml.fr\/sarlbml\/wp-json\/wp\/v2\/pages"}],"about":[{"href":"https:\/\/www.sarlbml.fr\/sarlbml\/wp-json\/wp\/v2\/types\/page"}],"author":[{"embeddable":true,"href":"https:\/\/www.sarlbml.fr\/sarlbml\/wp-json\/wp\/v2\/users\/1"}],"replies":[{"embeddable":true,"href":"https:\/\/www.sarlbml.fr\/sarlbml\/wp-json\/wp\/v2\/comments?post=458"}],"version-history":[{"count":9,"href":"https:\/\/www.sarlbml.fr\/sarlbml\/wp-json\/wp\/v2\/pages\/458\/revisions"}],"predecessor-version":[{"id":1693,"href":"https:\/\/www.sarlbml.fr\/sarlbml\/wp-json\/wp\/v2\/pages\/458\/revisions\/1693"}],"wp:attachment":[{"href":"https:\/\/www.sarlbml.fr\/sarlbml\/wp-json\/wp\/v2\/media?parent=458"}],"curies":[{"name":"wp","href":"https:\/\/api.w.org\/{rel}","templated":true}]}}