{"id":408,"date":"2015-05-27T14:10:47","date_gmt":"2015-05-27T13:10:47","guid":{"rendered":"http:\/\/sarlbmlfzd.cluster011.ovh.net\/sarlbml\/?page_id=408"},"modified":"2019-02-19T17:41:44","modified_gmt":"2019-02-19T16:41:44","slug":"elagueuses-sur-perche-echo","status":"publish","type":"page","link":"https:\/\/www.sarlbml.fr\/sarlbml\/catalogue\/catalogue-echo\/elagueuses-sur-perche-echo\/","title":{"rendered":"Elagueuses sur perche Echo"},"content":{"rendered":"<p>Les \u00e9lagueuses sur perche ECHO r\u00e9pondent aux besoins des professionnels et des particuliers les plus exigeants : taille d&rsquo;arbres fruitiers, d\u00e9gagement des lignes t\u00e9l\u00e9phoniques. Partout les \u00e9lagueuses sur perche ECHO permettent sans \u00e9quipements sp\u00e9ciaux, et ceci jusqu&rsquo;\u00e0 6,60 m\u00e8tres de hauteur, d&rsquo;effectuer du sol \u00e0 moindre co\u00fbt des \u00e9lagages de branches hautes avec efficacit\u00e9, pr\u00e9cision et en toute s\u00e9curit\u00e9.<\/p>\n<hr \/>\n<p><strong>PPF 236 ES<\/strong><\/p>\n<p><img loading=\"lazy\" decoding=\"async\" class=\" size-full wp-image-181 alignleft\" src=\"https:\/\/www.sarlbml.fr\/sarlbml\/wp-content\/uploads\/2015\/05\/ppf2100.jpg\" alt=\"ppf2100\" width=\"179\" height=\"95\" srcset=\"https:\/\/www.sarlbml.fr\/sarlbml\/wp-content\/uploads\/2015\/05\/ppf2100.jpg 179w, https:\/\/www.sarlbml.fr\/sarlbml\/wp-content\/uploads\/2015\/05\/ppf2100-150x80.jpg 150w\" sizes=\"auto, (max-width: 179px) 100vw, 179px\" \/><\/p>\n<p>Cylindr\u00e9e :\u00a021,2 cm\u00b3 \u2013\u00a0Poids :\u00a06,3 kg* &#8211; Longueur de\u00a0perche : 2455 mm<\/p>\n<p><img loading=\"lazy\" decoding=\"async\" class=\"alignright size-full wp-image-405\" src=\"https:\/\/www.sarlbml.fr\/sarlbml\/wp-content\/uploads\/2015\/05\/easystart_echo.jpg\" alt=\"easystart_echo\" width=\"73\" height=\"34\" \/>Tendeur lat\u00e9ral de cha\u00eene<br \/>\nrallonge de 90 cm en option<\/p>\n<hr \/>\n<p><strong>PPT 236 ES<\/strong><\/p>\n<p><img loading=\"lazy\" decoding=\"async\" class=\"alignleft size-full wp-image-409\" src=\"https:\/\/www.sarlbml.fr\/sarlbml\/wp-content\/uploads\/2015\/05\/ppt2400.jpg\" alt=\"ppt2400\" width=\"179\" height=\"95\" srcset=\"https:\/\/www.sarlbml.fr\/sarlbml\/wp-content\/uploads\/2015\/05\/ppt2400.jpg 179w, https:\/\/www.sarlbml.fr\/sarlbml\/wp-content\/uploads\/2015\/05\/ppt2400-150x80.jpg 150w\" sizes=\"auto, (max-width: 179px) 100vw, 179px\" \/><\/p>\n<p>Cylindr\u00e9e :\u00a021,2 cm\u00b3 \u2013\u00a0Poids :\u00a07,4 kg* &#8211; Longueur de\u00a0perche : 2670-3670 mm<\/p>\n<p><img loading=\"lazy\" decoding=\"async\" class=\"alignright size-full wp-image-405\" src=\"https:\/\/www.sarlbml.fr\/sarlbml\/wp-content\/uploads\/2015\/05\/easystart_echo.jpg\" alt=\"easystart_echo\" width=\"73\" height=\"34\" \/>Tendeur lat\u00e9ral de cha\u00eene<br \/>\nrallonge de 120 cm en option<\/p>\n<hr \/>\n<p><strong>PPT 265 ES<\/strong><\/p>\n<p><img loading=\"lazy\" decoding=\"async\" class=\"alignleft wp-image-1081\" src=\"https:\/\/www.sarlbml.fr\/sarlbml\/wp-content\/uploads\/2015\/05\/ppt300es.png\" alt=\"ppt300es\" width=\"179\" height=\"71\" srcset=\"https:\/\/www.sarlbml.fr\/sarlbml\/wp-content\/uploads\/2015\/05\/ppt300es.png 957w, https:\/\/www.sarlbml.fr\/sarlbml\/wp-content\/uploads\/2015\/05\/ppt300es-600x238.png 600w, https:\/\/www.sarlbml.fr\/sarlbml\/wp-content\/uploads\/2015\/05\/ppt300es-300x119.png 300w, https:\/\/www.sarlbml.fr\/sarlbml\/wp-content\/uploads\/2015\/05\/ppt300es-250x99.png 250w, https:\/\/www.sarlbml.fr\/sarlbml\/wp-content\/uploads\/2015\/05\/ppt300es-150x59.png 150w\" sizes=\"auto, (max-width: 179px) 100vw, 179px\" \/><\/p>\n<p>Cylindr\u00e9e :\u00a025,4 cm\u00b3 \u2013\u00a0Poids :\u00a07,9 kg* &#8211; Longueur de\u00a0perche : 2720-3720 mm<\/p>\n<p><img loading=\"lazy\" decoding=\"async\" class=\"alignright size-full wp-image-405\" src=\"https:\/\/www.sarlbml.fr\/sarlbml\/wp-content\/uploads\/2015\/05\/easystart_echo.jpg\" alt=\"easystart_echo\" width=\"73\" height=\"34\" \/>Tendeur lat\u00e9ral de cha\u00eene &#8211; Allumage \u00e9lectronique Digital CDI<br \/>\nrallonge de 120 cm en option<\/p>\n<hr \/>\n<p><strong>PPT\u00a0300 ES<\/strong><\/p>\n<p><img loading=\"lazy\" decoding=\"async\" class=\"alignleft wp-image-1081\" src=\"https:\/\/www.sarlbml.fr\/sarlbml\/wp-content\/uploads\/2015\/05\/ppt300es.png\" alt=\"ppt300es\" width=\"179\" height=\"71\" srcset=\"https:\/\/www.sarlbml.fr\/sarlbml\/wp-content\/uploads\/2015\/05\/ppt300es.png 957w, https:\/\/www.sarlbml.fr\/sarlbml\/wp-content\/uploads\/2015\/05\/ppt300es-600x238.png 600w, https:\/\/www.sarlbml.fr\/sarlbml\/wp-content\/uploads\/2015\/05\/ppt300es-300x119.png 300w, https:\/\/www.sarlbml.fr\/sarlbml\/wp-content\/uploads\/2015\/05\/ppt300es-250x99.png 250w, https:\/\/www.sarlbml.fr\/sarlbml\/wp-content\/uploads\/2015\/05\/ppt300es-150x59.png 150w\" sizes=\"auto, (max-width: 179px) 100vw, 179px\" \/><\/p>\n<p>Cylindr\u00e9e :\u00a028,1 cm\u00b3 \u2013\u00a0Poids :\u00a07,9 kg* &#8211; Longueur de\u00a0perche : 2860-4010 mm<\/p>\n<p><img loading=\"lazy\" decoding=\"async\" class=\"alignright size-full wp-image-405\" src=\"https:\/\/www.sarlbml.fr\/sarlbml\/wp-content\/uploads\/2015\/05\/easystart_echo.jpg\" alt=\"easystart_echo\" width=\"73\" height=\"34\" \/>Tendeur lat\u00e9ral de cha\u00eene &#8211; Allumage \u00e9lectronique Digital CDI<br \/>\nrallonge de 120 cm en option<\/p>\n","protected":false},"excerpt":{"rendered":"<p>Les \u00e9lagueuses sur perche ECHO r\u00e9pondent aux besoins des professionnels et des particuliers les plus exigeants : taille d&rsquo;arbres fruitiers, d\u00e9gagement des lignes t\u00e9l\u00e9phoniques. Partout les \u00e9lagueuses sur perche ECHO permettent sans \u00e9quipements sp\u00e9ciaux, et ceci jusqu&rsquo;\u00e0 6,60 m\u00e8tres de hauteur, d&rsquo;effectuer du sol \u00e0 moindre co\u00fbt des \u00e9lagages de\u2026<\/p>\n<p> <a class=\"continue-reading-link\" href=\"https:\/\/www.sarlbml.fr\/sarlbml\/catalogue\/catalogue-echo\/elagueuses-sur-perche-echo\/\"><span>Lire la suite<\/span><i class=\"crycon-right-dir\"><\/i><\/a> <\/p>\n","protected":false},"author":1,"featured_media":0,"parent":532,"menu_order":3,"comment_status":"closed","ping_status":"open","template":"","meta":{"footnotes":""},"class_list":["post-408","page","type-page","status-publish","hentry"],"_links":{"self":[{"href":"https:\/\/www.sarlbml.fr\/sarlbml\/wp-json\/wp\/v2\/pages\/408","targetHints":{"allow":["GET"]}}],"collection":[{"href":"https:\/\/www.sarlbml.fr\/sarlbml\/wp-json\/wp\/v2\/pages"}],"about":[{"href":"https:\/\/www.sarlbml.fr\/sarlbml\/wp-json\/wp\/v2\/types\/page"}],"author":[{"embeddable":true,"href":"https:\/\/www.sarlbml.fr\/sarlbml\/wp-json\/wp\/v2\/users\/1"}],"replies":[{"embeddable":true,"href":"https:\/\/www.sarlbml.fr\/sarlbml\/wp-json\/wp\/v2\/comments?post=408"}],"version-history":[{"count":5,"href":"https:\/\/www.sarlbml.fr\/sarlbml\/wp-json\/wp\/v2\/pages\/408\/revisions"}],"predecessor-version":[{"id":1734,"href":"https:\/\/www.sarlbml.fr\/sarlbml\/wp-json\/wp\/v2\/pages\/408\/revisions\/1734"}],"up":[{"embeddable":true,"href":"https:\/\/www.sarlbml.fr\/sarlbml\/wp-json\/wp\/v2\/pages\/532"}],"wp:attachment":[{"href":"https:\/\/www.sarlbml.fr\/sarlbml\/wp-json\/wp\/v2\/media?parent=408"}],"curies":[{"name":"wp","href":"https:\/\/api.w.org\/{rel}","templated":true}]}}

<p>Les élagueuses sur perche ECHO répondent aux besoins des professionnels et des particuliers les plus exigeants : taille d&rsquo;arbres fruitiers, dégagement des lignes téléphoniques. Partout les élagueuses sur perche ECHO permettent sans équipements spéciaux, et ceci jusqu&rsquo;à 6,60 mètres de hauteur, d&rsquo;effectuer du sol à moindre coût des élagages de branches hautes avec efficacité, précision et en toute sécurité.</p>
<hr />
<p><strong>PPF 236 ES</strong></p>
<p><img loading="lazy" decoding="async" class=" size-full wp-image-181 alignleft" src="https://www.sarlbml.fr/sarlbml/wp-content/uploads/2015/05/ppf2100.jpg" alt="ppf2100" width="179" height="95" srcset="https://www.sarlbml.fr/sarlbml/wp-content/uploads/2015/05/ppf2100.jpg 179w, https://www.sarlbml.fr/sarlbml/wp-content/uploads/2015/05/ppf2100-150x80.jpg 150w" sizes="auto, (max-width: 179px) 100vw, 179px" /></p>
<p>Cylindrée : 21,2 cm³ – Poids : 6,3 kg* &#8211; Longueur de perche : 2455 mm</p>
<p><img loading="lazy" decoding="async" class="alignright size-full wp-image-405" src="https://www.sarlbml.fr/sarlbml/wp-content/uploads/2015/05/easystart_echo.jpg" alt="easystart_echo" width="73" height="34" />Tendeur latéral de chaîne<br />
rallonge de 90 cm en option</p>
<hr />
<p><strong>PPT 236 ES</strong></p>
<p><img loading="lazy" decoding="async" class="alignleft size-full wp-image-409" src="https://www.sarlbml.fr/sarlbml/wp-content/uploads/2015/05/ppt2400.jpg" alt="ppt2400" width="179" height="95" srcset="https://www.sarlbml.fr/sarlbml/wp-content/uploads/2015/05/ppt2400.jpg 179w, https://www.sarlbml.fr/sarlbml/wp-content/uploads/2015/05/ppt2400-150x80.jpg 150w" sizes="auto, (max-width: 179px) 100vw, 179px" /></p>
<p>Cylindrée : 21,2 cm³ – Poids : 7,4 kg* &#8211; Longueur de perche : 2670-3670 mm</p>
<p><img loading="lazy" decoding="async" class="alignright size-full wp-image-405" src="https://www.sarlbml.fr/sarlbml/wp-content/uploads/2015/05/easystart_echo.jpg" alt="easystart_echo" width="73" height="34" />Tendeur latéral de chaîne<br />
rallonge de 120 cm en option</p>
<hr />
<p><strong>PPT 265 ES</strong></p>
<p><img loading="lazy" decoding="async" class="alignleft wp-image-1081" src="https://www.sarlbml.fr/sarlbml/wp-content/uploads/2015/05/ppt300es.png" alt="ppt300es" width="179" height="71" srcset="https://www.sarlbml.fr/sarlbml/wp-content/uploads/2015/05/ppt300es.png 957w, https://www.sarlbml.fr/sarlbml/wp-content/uploads/2015/05/ppt300es-600x238.png 600w, https://www.sarlbml.fr/sarlbml/wp-content/uploads/2015/05/ppt300es-300x119.png 300w, https://www.sarlbml.fr/sarlbml/wp-content/uploads/2015/05/ppt300es-250x99.png 250w, https://www.sarlbml.fr/sarlbml/wp-content/uploads/2015/05/ppt300es-150x59.png 150w" sizes="auto, (max-width: 179px) 100vw, 179px" /></p>
<p>Cylindrée : 25,4 cm³ – Poids : 7,9 kg* &#8211; Longueur de perche : 2720-3720 mm</p>
<p><img loading="lazy" decoding="async" class="alignright size-full wp-image-405" src="https://www.sarlbml.fr/sarlbml/wp-content/uploads/2015/05/easystart_echo.jpg" alt="easystart_echo" width="73" height="34" />Tendeur latéral de chaîne &#8211; Allumage électronique Digital CDI<br />
rallonge de 120 cm en option</p>
<hr />
<p><strong>PPT 300 ES</strong></p>
<p><img loading="lazy" decoding="async" class="alignleft wp-image-1081" src="https://www.sarlbml.fr/sarlbml/wp-content/uploads/2015/05/ppt300es.png" alt="ppt300es" width="179" height="71" srcset="https://www.sarlbml.fr/sarlbml/wp-content/uploads/2015/05/ppt300es.png 957w, https://www.sarlbml.fr/sarlbml/wp-content/uploads/2015/05/ppt300es-600x238.png 600w, https://www.sarlbml.fr/sarlbml/wp-content/uploads/2015/05/ppt300es-300x119.png 300w, https://www.sarlbml.fr/sarlbml/wp-content/uploads/2015/05/ppt300es-250x99.png 250w, https://www.sarlbml.fr/sarlbml/wp-content/uploads/2015/05/ppt300es-150x59.png 150w" sizes="auto, (max-width: 179px) 100vw, 179px" /></p>
<p>Cylindrée : 28,1 cm³ – Poids : 7,9 kg* &#8211; Longueur de perche : 2860-4010 mm</p>
<p><img loading="lazy" decoding="async" class="alignright size-full wp-image-405" src="https://www.sarlbml.fr/sarlbml/wp-content/uploads/2015/05/easystart_echo.jpg" alt="easystart_echo" width="73" height="34" />Tendeur latéral de chaîne &#8211; Allumage électronique Digital CDI<br />
rallonge de 120 cm en option</p>

<p>Les élagueuses sur perche ECHO répondent aux besoins des professionnels et des particuliers les plus exigeants : taille d&rsquo;arbres fruitiers, dégagement des lignes téléphoniques. Partout les élagueuses sur perche ECHO permettent sans équipements spéciaux, et ceci jusqu&rsquo;à 6,60 mètres de hauteur, d&rsquo;effectuer du sol à moindre coût des élagages de…</p>
<p> <a class="continue-reading-link" href="https://www.sarlbml.fr/sarlbml/catalogue/catalogue-echo/elagueuses-sur-perche-echo/"><span>Lire la suite</span><i class="crycon-right-dir"></i></a> </p>
