{"id":2287,"date":"2019-03-27T14:53:28","date_gmt":"2019-03-27T13:53:28","guid":{"rendered":"https:\/\/www.sarlbml.fr\/sarlbml\/?page_id=2287"},"modified":"2019-03-27T17:37:04","modified_gmt":"2019-03-27T16:37:04","slug":"politique-de-confidentialite","status":"publish","type":"page","link":"https:\/\/www.sarlbml.fr\/sarlbml\/politique-de-confidentialite\/","title":{"rendered":"Politique de confidentialit\u00e9"},"content":{"rendered":"\n<p>La pr\u00e9sente politique de confidentialit\u00e9 est fond\u00e9e sur le R\u00e8glement UE 2016\/679 relatif \u00e0 la protection des donn\u00e9es (RGPD) ainsi que sur votre consentement \u00e9clair\u00e9. Elle a pour objectif de vous informer sur le traitement de vos donn\u00e9es \u00e0 caract\u00e8re personnel.<\/p>\n\n\n\n<p>Cette politique de confidentialit\u00e9 ne s\u2019applique qu\u2019aux renseignements recueillis par le pr\u00e9sent site, bien que ce dernier puisse contenir des liens vers d\u2019autres sites externes. Vous comprenez bien que nous ne pouvons vous garantir que ces sites appliquent la m\u00eame politique que nous en mati\u00e8re de respect de la vie priv\u00e9e, c\u2019est pourquoi nous vous engageons \u00e0 prendre connaissance des politiques de confidentialit\u00e9 des sites web que vous seriez amen\u00e9(e) \u00e0 visiter \u00e0 partir de celui-ci avant de remettre vos donn\u00e9es personnelles.<br><\/p>\n\n\n\n<p>Nous nous r\u00e9servons la possibilit\u00e9 de modifier \u00e0 tout moment cette politique de confidentialit\u00e9, ces modifications entrant en vigueur imm\u00e9diatement. Or, \u00e0 chaque nouvelle utilisation du pr\u00e9sent site, vous vous soumettez \u00e0 la politique de confidentialit\u00e9 en vigueur. Aussi, nous vous invitons \u00e0 relire r\u00e9guli\u00e8rement cette page afin de maintenir votre consentement.<\/p>\n\n\n\n<p><strong>Quels renseignements sont collect\u00e9s sur ce site ?<\/strong><br><\/p>\n\n\n\n<p>Lorsque vous visitez un site internet, vous demeurez anonyme. Les informations collect\u00e9es au cours de votre navigations servent \u00e0 analyser votre comportement sur ce site et l\u2019usage que vous en avez afin d\u2019am\u00e9liorer votre exp\u00e9rience utilisateur.<\/p>\n\n\n\n<p>Les autres donn\u00e9es personnelles que nous collectons, tels que vos nom, pr\u00e9nom, adresse postale, num\u00e9ro de t\u00e9l\u00e9phone ou adresse mail, ne sont collect\u00e9es que si vous acceptez de nous les fournir, par exemple lorsque vous adh\u00e9rez \u00e0 notre newsletter, dans le cadre de la gestion de votre demande de devis ou si vous souhaitez \u00eatre recontact\u00e9(e).<\/p>\n\n\n\n<p>Nous nous engageons par ailleurs \u00e0 ne recueillir que les informations strictement n\u00e9cessaires au traitement de votre demande.<br><\/p>\n\n\n\n<p><strong>Pourquoi collectons-nous vos donn\u00e9es personnelles ?<\/strong><br><\/p>\n\n\n\n<p>Nous collectons vos donn\u00e9es personnelles afin de :<br>\u2013 G\u00e9rer et assurer la relation client (demande de renseignements, devis, commande, etc.)<\/p>\n\n\n\n<p><strong>Comment vos donn\u00e9es \u00e0 caract\u00e8re personnel sont-elles utilis\u00e9es ?<\/strong><br><\/p>\n\n\n\n<p>Nous nous engageons \u00e0 respecter la stricte confidentialit\u00e9 de vos donn\u00e9es personnelles et de les utiliser uniquement pour les finalit\u00e9s pour lesquelles vous avez accept\u00e9 de nous les communiquer. Toutefois, elles ne seront pas conserv\u00e9es plus longtemps que n\u00e9cessaire, soit durant toute la dur\u00e9e de notre collaboration augment\u00e9e du d\u00e9lai de prescription l\u00e9gale. Apr\u00e8s quoi, elles seront d\u00e9truites.<\/p>\n\n\n\n<p>Nous pouvons \u00eatre amen\u00e9s \u00e0 les transf\u00e9rer \u00e0 des tiers tels que notre prestataire informatique, notre h\u00e9bergeur, \u2026 Nous vous garantissons cependant qu\u2019elles seront transf\u00e9r\u00e9es selon un protocole s\u00e9curis\u00e9 et trait\u00e9es par ces derniers avec le plus grand soin et le maximum de s\u00e9curit\u00e9.<\/p>\n\n\n\n<p><strong>Quels sont vos droits ?<\/strong><br><\/p>\n\n\n\n<p>Vous avez le droit de ne pas vouloir nous communiquer de donn\u00e9es personnelles. Dans ce cas, vous pourrez naviguer sur ce site, cependant vous n\u2019aurez pas acc\u00e8s \u00e0 l\u2019ensemble de ses fonctionnalit\u00e9s (adh\u00e9rer \u00e0 la newsletter par exemple, demander \u00e0 \u00eatre recontact\u00e9(e), \u2026)<\/p>\n\n\n\n<p>Vous avez un droit d\u2019acc\u00e8s, de correction et de retrait de vos donn\u00e9es personnelles. Vous pouvez exercer ce droit, par exemple en les mettant \u00e0 jour, en nous demandant de les rectifier, de les compl\u00e9ter, de les mettre \u00e0 jour, de les verrouiller ou en nous demandant \u00e0 ce que vos renseignements ne figurent plus sur notre liste de diffusion, en nous contactant \u00e0 l\u2019adresse suivante et en joignant \u00e0 votre demande une copie d\u2019une pi\u00e8ce d\u2019identit\u00e9 en cours de validit\u00e9 (carte d\u2019identit\u00e9, passeport ou permis de conduire).<\/p>\n\n\n\n<p>Vous avez le droit d\u2019introduire une r\u00e9clamation aupr\u00e8s de la CNIL si vous l\u2019estimez n\u00e9cessaire. Dans ce cas, nous vous invitons \u00e0 consulter leur site internet aux fins de conna\u00eetre les modalit\u00e9s d\u2019ex\u00e9cution (www.cnil.fr)<br><\/p>\n\n\n\n<p>Vous avez \u00e9galement un droit \u00e0 la portabilit\u00e9 de vos donn\u00e9es \u00e0 caract\u00e8re personnel. Vous pouvez, \u00e0 la m\u00eame adresse que pr\u00e9c\u00e9demment, demander \u00e0 ce que l\u2019on vous restitue sur un support utilisable toutes les donn\u00e9es personnelles que vous nous avez fournies en vue par exemple de les transf\u00e9rer \u00e0 un tiers.<br><\/p>\n\n\n\n<p>Enfin, vous avez un droit d\u2019opposition au traitement de vos donn\u00e9es pour des motifs l\u00e9gitimes ainsi qu\u2019un droit d\u2019opposition \u00e0 ce que ces donn\u00e9es soient utilis\u00e9es \u00e0 d\u2019autres fins que celles auxquelles vous avez consenti(e). Vous pouvez user de ce droit en contactant le responsable de traitement \u00e0 l\u2019adresse rappel\u00e9e <a href=\"https:\/\/www.sarlbml.fr\/sarlbml\/contact\/\">ici<\/a><\/p>\n\n\n\n<p><strong>Avis important concernant le traitement des donn\u00e9es en connexion avec Google Analytics\ufeff<\/strong><\/p>\n\n\n\n<p>\n\nCe site utilise Google Analytics, un service d\u2019analyse web fournit par Google Ireland Limited. Si l\u2019organe responsable pour le traitement des donn\u00e9es r\u00e9colt\u00e9es via ce site est bas\u00e9 hors de l\u2019Espace \u00e9conomique europ\u00e9en et la Suisse, alors le traitement des donn\u00e9es associ\u00e9es \u00e0 Google Analytics sera effectu\u00e9 par Google LLC (avec son si\u00e8ge aux Etats-Unis). Google Ireland Limited et Google LLC sont ensemble ci-apr\u00e8s d\u00e9nomm\u00e9s \u201cGoogle\u201d. \n\n<\/p>\n\n\n\n<p>\n\nGoogle Analytics utilise des \u201ccookies\u201d, des fichiers textes sauv\u00e9s sur l\u2019ordinateur du visiteur du site, pour permettre l\u2019analyse de l\u2019utilisation du site par ce dernier. L\u2019information g\u00e9n\u00e9r\u00e9e par le cookie (incluant l\u2019adresse IP tronqu\u00e9e) sur l\u2019utilisation du site web est transmise \u00e0 et stock\u00e9e par Google.\n\n<\/p>\n\n\n\n<p>\n\nGoogle Analytics est utilis\u00e9 exclusivement avec l&rsquo;extension \u00ab\u00a0_anonymizeIp ()\u00a0\u00bb sur ce site. L\u2019extension garantit une anonymisation de l\u2019adresse IP par troncature et exclu de ce fait une r\u00e9f\u00e9rence personnelle directe. Via cette extension, Google tronque l\u2019adresse IP du visiteur du site dans un \u00e9tat membre de l\u2019Union europ\u00e9enne ou dans un autre Etat parti \u00e0 l\u2019accord sur l\u2019Espace \u00e9conomique europ\u00e9en. Seulement dans des situations exceptionnelles l\u2019adresse IP enti\u00e8re du visiteur du site sera transmise au serveur de Google et tronqu\u00e9e aux Etats-Unis. L\u2019adresse IP, qui est fournie par le navigateur du visiteur du site utilisant Google Analytics ne sera pas recoup\u00e9e par Google avec d\u2019autres donn\u00e9es de Google. \n\n<\/p>\n\n\n\n<p>\n\nAu nom de l\u2019op\u00e9rateur du site, Google utilisera l\u2019information collect\u00e9e pour \u00e9valuer l\u2019utilisation du site, compiler des rapports sur l\u2019activit\u00e9 du site et pour fournir d\u2019autres sites et d\u2019autres services internet \u00e0 l\u2019op\u00e9rateur du site (article \u00a76 1 f RGPD). L\u2019int\u00e9r\u00eat l\u00e9gitime dans le traitement des donn\u00e9es se trouve dans l&rsquo;optimisation de ce site, l\u2019analyse de l\u2019utilisation du site et l&rsquo;adaptation du contenu. L\u2019int\u00e9r\u00eat des utilisateurs est ad\u00e9quatement prot\u00e9g\u00e9 par la pseudonymisation de leurs donn\u00e9es.\n\n<\/p>\n\n\n\n<p>\n\nGoogle LLC a certifi\u00e9 sa conformit\u00e9 avec le <a rel=\"noreferrer noopener\" href=\"https:\/\/www.privacyshield.gov\/participant?id=a2zt000000001L5AAI&amp;status=Active\" target=\"_blank\">Bouclier de protection des donn\u00e9es<\/a> UE-\u00c9tats-Unis, offrant une garantie du respect des l\u00e9gislations europ\u00e9ennes sur la protection des donn\u00e9es. Les donn\u00e9es envoy\u00e9es et coupl\u00e9es au cookie de Google Analytics e.g. ID de l\u2019utilisateur, ID publicitaire seront automatiquement effac\u00e9s apr\u00e8s 50 mois. La suppression des donn\u00e9es qui ont atteint la date limite de conservation est op\u00e9r\u00e9e automatiquement une fois par mois.\n\n<\/p>\n\n\n\n<p>\n\nLe visiteur du site peut refuser l\u2019utilisation de cookies en s\u00e9lectionnant le r\u00e9glage appropri\u00e9 dans le navigateur. Le visiteur du site peut aussi emp\u00eacher Google de rassembler, via cookies, des informations (incluant l\u2019adresse IP) et de traiter cette information en t\u00e9l\u00e9chargeant et en installant ce plugin dans le browser: <a rel=\"noreferrer noopener\" href=\"http:\/\/tools.google.com\/dlpage\/gaoptout\" target=\"_blank\">http:\/\/tools.google.com\/dlpage\/gaoptout<\/a>. \n\n<\/p>\n\n\n\n<p>\n\nPlus d\u2019informations \u00e0 propos du traitement et l\u2019utilisation des donn\u00e9es par Google, les param\u00e9trages et les possibilit\u00e9s de d\u00e9sactivation peuvent \u00eatre trouv\u00e9es dans <a rel=\"noreferrer noopener\" href=\"https:\/\/policies.google.com\/privacy\" target=\"_blank\">la politique de confidentialit\u00e9 de Google<\/a>: ainsi que dans <a rel=\"noreferrer noopener\" href=\"https:\/\/adssettings.google.com\/authenticated\" target=\"_blank\">les param\u00e8tres de Google ads<\/a>.\n\n<\/p>\n\n\n\n<p><strong>Plus de questions :<\/strong><br><\/p>\n\n\n\n<p>Pour toutes questions concernant cette politique de confidentialit\u00e9 ou vos donn\u00e9es \u00e0 caract\u00e8re personnel, n\u2019h\u00e9sitez pas \u00e0 nous contacter \u00e0 magasinbml@orange.fr ou par courrier 82, rue de la Pierre-Anne &#8211; 44340 Bouguenais.<\/p>\n","protected":false},"excerpt":{"rendered":"<p>La pr\u00e9sente politique de confidentialit\u00e9 est fond\u00e9e sur le R\u00e8glement UE 2016\/679 relatif \u00e0 la protection des donn\u00e9es (RGPD) ainsi que sur votre consentement \u00e9clair\u00e9. Elle a pour objectif de vous informer sur le traitement de vos donn\u00e9es \u00e0 caract\u00e8re personnel. Cette politique de confidentialit\u00e9 ne s\u2019applique qu\u2019aux renseignements recueillis\u2026<\/p>\n<p> <a class=\"continue-reading-link\" href=\"https:\/\/www.sarlbml.fr\/sarlbml\/politique-de-confidentialite\/\"><span>Lire la suite<\/span><i class=\"crycon-right-dir\"><\/i><\/a> <\/p>\n","protected":false},"author":1,"featured_media":0,"parent":0,"menu_order":0,"comment_status":"closed","ping_status":"closed","template":"","meta":{"footnotes":""},"class_list":["post-2287","page","type-page","status-publish","hentry"],"_links":{"self":[{"href":"https:\/\/www.sarlbml.fr\/sarlbml\/wp-json\/wp\/v2\/pages\/2287","targetHints":{"allow":["GET"]}}],"collection":[{"href":"https:\/\/www.sarlbml.fr\/sarlbml\/wp-json\/wp\/v2\/pages"}],"about":[{"href":"https:\/\/www.sarlbml.fr\/sarlbml\/wp-json\/wp\/v2\/types\/page"}],"author":[{"embeddable":true,"href":"https:\/\/www.sarlbml.fr\/sarlbml\/wp-json\/wp\/v2\/users\/1"}],"replies":[{"embeddable":true,"href":"https:\/\/www.sarlbml.fr\/sarlbml\/wp-json\/wp\/v2\/comments?post=2287"}],"version-history":[{"count":2,"href":"https:\/\/www.sarlbml.fr\/sarlbml\/wp-json\/wp\/v2\/pages\/2287\/revisions"}],"predecessor-version":[{"id":2289,"href":"https:\/\/www.sarlbml.fr\/sarlbml\/wp-json\/wp\/v2\/pages\/2287\/revisions\/2289"}],"wp:attachment":[{"href":"https:\/\/www.sarlbml.fr\/sarlbml\/wp-json\/wp\/v2\/media?parent=2287"}],"curies":[{"name":"wp","href":"https:\/\/api.w.org\/{rel}","templated":true}]}}